{"id":717,"date":"2018-05-31T21:24:03","date_gmt":"2018-05-31T19:24:03","guid":{"rendered":"https:\/\/www.grundschule-schlaitdorf.de\/wordpress\/?page_id=717"},"modified":"2023-10-24T13:50:17","modified_gmt":"2023-10-24T11:50:17","slug":"projekte","status":"publish","type":"page","link":"https:\/\/www.grundschule-schlaitdorf.de\/wordpress\/projekte\/","title":{"rendered":"Projekte"},"content":{"rendered":"\n<p>Jedes Jahr gibt es an unserer Schule Projekttage. F\u00fcr ein paar Tage lang tauchen Lehrerinnen, Sch\u00fcler und Sch\u00fclerinnen tief in ein bestimmtes Thema ein und erfahren es mit allen Sinnen.<\/p>\n\n\n\n<p>2018 hie\u00df unser Thema: <a href=\"https:\/\/www.grundschule-schlaitdorf.de\/wordpress\/?page_id=52\">Tierwelten<\/a><\/p>\n\n\n\n<p>2019 waren wir den <a href=\"https:\/\/www.grundschule-schlaitdorf.de\/wordpress\/?page_id=986\" data-type=\"page\" data-id=\"986\">M\u00e4rchen<\/a> auf der Spur<\/p>\n\n\n\n<p>2020 und 21 mussten die Projekttage leider entfallen<\/p>\n\n\n\n<p>2022 begeisterte uns die <a href=\"https:\/\/www.grundschule-schlaitdorf.de\/wordpress\/?page_id=1405\" data-type=\"page\" data-id=\"1405\">Technik<\/a> unserer Technikt\u00fcrme<\/p>\n\n\n\n<p>2023 kamen wir zur <a href=\"https:\/\/www.grundschule-schlaitdorf.de\/wordpress\/?page_id=1646\" data-type=\"page\" data-id=\"1646\">Handwerkskunst<\/a><\/p>\n","protected":false},"excerpt":{"rendered":"<p>Jedes Jahr gibt es an unserer Schule Projekttage. F\u00fcr ein paar Tage lang tauchen Lehrerinnen, Sch\u00fcler und Sch\u00fclerinnen tief in ein bestimmtes Thema ein und erfahren es mit allen Sinnen. 2018 hie\u00df unser Thema: Tierwelten 2019 waren wir den M\u00e4rchen auf der Spur 2020 und 21 mussten die Projekttage leider entfallen 2022 begeisterte uns die [&hellip;]<\/p>\n","protected":false},"author":3,"featured_media":0,"parent":0,"menu_order":0,"comment_status":"closed","ping_status":"closed","template":"page-templates\/full-width.php","meta":{"footnotes":""},"class_list":["post-717","page","type-page","status-publish","hentry"],"_links":{"self":[{"href":"https:\/\/www.grundschule-schlaitdorf.de\/wordpress\/wp-json\/wp\/v2\/pages\/717","targetHints":{"allow":["GET"]}}],"collection":[{"href":"https:\/\/www.grundschule-schlaitdorf.de\/wordpress\/wp-json\/wp\/v2\/pages"}],"about":[{"href":"https:\/\/www.grundschule-schlaitdorf.de\/wordpress\/wp-json\/wp\/v2\/types\/page"}],"author":[{"embeddable":true,"href":"https:\/\/www.grundschule-schlaitdorf.de\/wordpress\/wp-json\/wp\/v2\/users\/3"}],"replies":[{"embeddable":true,"href":"https:\/\/www.grundschule-schlaitdorf.de\/wordpress\/wp-json\/wp\/v2\/comments?post=717"}],"version-history":[{"count":3,"href":"https:\/\/www.grundschule-schlaitdorf.de\/wordpress\/wp-json\/wp\/v2\/pages\/717\/revisions"}],"predecessor-version":[{"id":1677,"href":"https:\/\/www.grundschule-schlaitdorf.de\/wordpress\/wp-json\/wp\/v2\/pages\/717\/revisions\/1677"}],"wp:attachment":[{"href":"https:\/\/www.grundschule-schlaitdorf.de\/wordpress\/wp-json\/wp\/v2\/media?parent=717"}],"curies":[{"name":"wp","href":"https:\/\/api.w.org\/{rel}","templated":true}]}}