{"id":46,"date":"2014-05-14T15:12:30","date_gmt":"2014-05-14T13:12:30","guid":{"rendered":"https:\/\/www.grundschule-schlaitdorf.de\/wordpress\/?page_id=46"},"modified":"2014-05-14T21:52:47","modified_gmt":"2014-05-14T19:52:47","slug":"schulgeschichte","status":"publish","type":"page","link":"https:\/\/www.grundschule-schlaitdorf.de\/wordpress\/schulportrait\/schulgeschichte\/","title":{"rendered":"Schulgeschichte"},"content":{"rendered":"<h4 style=\"text-align: center;\">Geschichte unserer Schule GS Schlaitdorf<\/h4>\n<div id=\"attachment_47\" style=\"width: 510px\" class=\"wp-caption alignnone\"><a href=\"https:\/\/www.grundschule-schlaitdorf.de\/wordpress\/wp-content\/uploads\/2014\/05\/schule1957.jpg\"><img loading=\"lazy\" decoding=\"async\" aria-describedby=\"caption-attachment-47\" class=\"size-full wp-image-47\" src=\"https:\/\/www.grundschule-schlaitdorf.de\/wordpress\/wp-content\/uploads\/2014\/05\/schule1957.jpg\" alt=\"Schule in den 50er Jahren\" width=\"500\" height=\"321\" srcset=\"https:\/\/www.grundschule-schlaitdorf.de\/wordpress\/wp-content\/uploads\/2014\/05\/schule1957.jpg 500w, https:\/\/www.grundschule-schlaitdorf.de\/wordpress\/wp-content\/uploads\/2014\/05\/schule1957-300x192.jpg 300w\" sizes=\"auto, (max-width: 500px) 100vw, 500px\" \/><\/a><p id=\"caption-attachment-47\" class=\"wp-caption-text\">Schule in den 50er Jahren<\/p><\/div>\n<h4 style=\"text-align: center;\">die 50er Jahre<\/h4>\n<p>Unsere Schule wurde 1957 gebaut. In diesen rund 50 Jahren gab es in unserer Schule schon zahlreiche Umbauten und Ver\u00e4nderungen. Gebaut wurde sie als Grund- und Hauptschule. 1957 war es in kleineren Ortschaften notwendig klassen\u00fcbergreifend zu unterrichten. Es gab daher f\u00fcr die acht Klassen drei Unterrichtsr\u00e4ume und die drei Fachr\u00e4ume Schulk\u00fcche, Handarbeitsraum und Werkraum. Mit Recht war die kleine Gemeinde Schlaitdorf stolz auf diese drei voll ausgestalteten Fachr\u00e4ume. Im Untergeschoss gab es einen Duschraum und zwei Wannenb\u00e4der f\u00fcr die Einwohner von Schlaitdorf. Ein Badezimmer oder sogar mehrere in einem Haushalt war in der damaligen Zeit noch nicht selbstverst\u00e4ndlich. Duschen oder Baden im Schulhaus war in kleinen Gemeinden durchaus \u00fcblich.<\/p>\n<h4 style=\"text-align: center;\">die 60er Jahre<\/h4>\n<p>Als man dann in den 60-iger Jahren dazu \u00fcberging m\u00f6glichst reine Jahrgangsklassen zu bilden, bedeutete dies f\u00fcr Schlaitdorf die Hinf\u00fchrung zur reinen Grundschule. Die Neckartailfinger Schule wurde als zust\u00e4ndige Hauptschule bestimmt. Neckartailfingen verf\u00fcgte aber noch nicht \u00fcber gen\u00fcgend Unterrichtsr\u00e4ume, deshalb musste dort erst die Schule erweitert werden. W\u00e4hrend dieser Schulerweiterung in Neckartailfingen war eine Hauptschulklasse aus Neckartailfingen ausgelagert nach Schlaitdorf.<br \/>\n1968 gab es in unserer Schule den ersten gr\u00f6\u00dferen Umbau. Da es in Schlaitdorf noch keinen Kindergarten gab, wurde die nun nicht mehr ben\u00f6tigte Schulk\u00fcche in einen Kindergartenraum umgebaut. Auch an kleine Kindergartentoiletten wurde gedacht.<\/p>\n<h4 style=\"text-align: center;\">die 70er Jahre<\/h4>\n<p>Ab 1970 gab es keine Hauptschulklasse mehr in Schlaitdorf. Jahrgangsklassen waren das Ziel. Gar nicht so einfach f\u00fcr eine kleine Gemeinde wie Schlaitdorf. Aber da die Nachbargemeinde Altenriet vor dem gleichen Problem stand und au\u00dferdem dort nur drei Klassenzimmer zur Verf\u00fcgung standen, beschloss man einen Sch\u00fcleraustausch zwischen Schlaitdorf und Altenriet. Schlaitdorf hatte also die ersten Fahrsch\u00fcler schon in der Grundschulzeit. Als die steigende Einwohnerzahl in beiden Gemeinden es notwendig machte, dass Altenriet die eigene Schule erweiterte, h\u00f6rte dieser Austausch auf.<\/p>\n<p>1974 wurde in Schlaitdorf ein Kindergarten gebaut und auch die Kindergartenkinder verlie\u00dfen das Schulhaus. Der Kindergartenraum wurde ein Klassenzimmer.<br \/>\nDem aufmerksamen Leser ist vielleicht aufgefallen, dass bisher noch keine Sporthalle erw\u00e4hnt wurde. Es gibt keine in Schlaitdorf. Sport im Freien wurde und wird auch heute noch auf der gro\u00dfz\u00fcgigen Schulwiese betrieben. Wenn dies wegen der Witterung nicht m\u00f6glich war, nutzten die Schlaitdorfer Sch\u00fcler lange Zeit den urspr\u00fcnglich als Handarbeitsraum ausgestalteten Fachraum als Sporthalle. Die N\u00e4hmaschinen waren nat\u00fcrlich l\u00e4ngst ausquartiert und die eingebauten Schr\u00e4nke nutzte man zur Aufbewahrung der Sportger\u00e4te.<\/p>\n<h4 style=\"text-align: center;\">die 90er Jahre<\/h4>\n<p>1995 wurde das Gemeindezentrum Hofstatt gebaut. Seither kann der B\u00fcrgersaal f\u00fcr den Sportunterricht genutzt werden. Dies war eine wesentliche r\u00e4umliche Verbesserung. Selbstverst\u00e4ndlich hatte man f\u00fcr den frei werdenden Fachraum wieder Verwendung. Er wurde je nach Bedarf Klassenzimmer, Musikzimmer oder Filmraum. Aber da auch im Gemeindezentrum nur in eingeschr\u00e4nktem Ma\u00dfe Sportunterricht gehalten werden kann, findet heute der Sportunterricht gr\u00f6\u00dftenteils in der Turnhalle in Altenriet statt.<br \/>\nFast 50 Jahre lang wurden die vorhandenen R\u00e4ume unserer Schule immer mal wieder umfunktioniert und den vom Schulbetrieb verlangten Belangen angepasst. Die nicht mehr ben\u00f6tigten &#8222;Badezimmer&#8220; der Schule wurden zu Nebenr\u00e4umen umgebaut, in denen Unterrichtsmaterialien aufbewahrt wurden. Sp\u00e4ter wurden sie zu einer Lernwerkstatt mit Computerraum umgestaltet. Der Werkraum, der die meiste Zeit zum Basteln genutzt wurde, zwischendurch aber auch als Klassenzimmer diente, war zuletzt der Aufenthaltsraum f\u00fcr die Kernzeitbetreuung.<\/p>\n<h4 style=\"text-align: center;\">heute<\/h4>\n<p>Nach diesen vielen Jahren, in denen unsere Schule immer wieder eine innere Umgestaltung erfuhr, entschied die Gemeinde Schlaitdorf, dass dies nicht mehr ausreicht. Ein Schulhausanbau und eine grundlegende Renovierung des bestehenden Geb\u00e4udes wurde vom Gemeinderat beschlossen.<\/p>\n<p>Im Mai 2003 konnte unsere Schule den ersten Spatenstich f\u00fcr den Schulhausanbau feiern.<\/p>\n<p>Im Oktober 2004 war alles fertiggestellt und wir konnten unsere erweiterte und renovierte Schule im Rahmen einer Einweihungsfeier allen Interessierten pr\u00e4sentieren. Unsere Schule hat jetzt 5 Klassenzimmer, neue Toiletten, neue Verwaltungsr\u00e4ume und im Untergeschoss einen neu gestalteten Werkraum sowie\u00a0einen neuen Aufenthaltsraum mit K\u00fcchenzeile f\u00fcr die Kernzeitbetreuung.<\/p>\n<p>In den Sommerferien 2010 wurde aufgrund des erh\u00f6hten Bedarfs der Werkraum zu einem weiteren Aufenthaltsraum f\u00fcr die Kernzeitbetreuung umgestaltet.<\/p>\n","protected":false},"excerpt":{"rendered":"<p>Geschichte unserer Schule GS Schlaitdorf die 50er Jahre Unsere Schule wurde 1957 gebaut. In diesen rund 50 Jahren gab es in unserer Schule schon zahlreiche Umbauten und Ver\u00e4nderungen. Gebaut wurde sie als Grund- und Hauptschule. 1957 war es in kleineren Ortschaften notwendig klassen\u00fcbergreifend zu unterrichten. Es gab daher f\u00fcr die acht Klassen drei Unterrichtsr\u00e4ume und [&hellip;]<\/p>\n","protected":false},"author":3,"featured_media":0,"parent":12,"menu_order":0,"comment_status":"closed","ping_status":"closed","template":"page-templates\/full-width.php","meta":{"footnotes":""},"class_list":["post-46","page","type-page","status-publish","hentry"],"_links":{"self":[{"href":"https:\/\/www.grundschule-schlaitdorf.de\/wordpress\/wp-json\/wp\/v2\/pages\/46","targetHints":{"allow":["GET"]}}],"collection":[{"href":"https:\/\/www.grundschule-schlaitdorf.de\/wordpress\/wp-json\/wp\/v2\/pages"}],"about":[{"href":"https:\/\/www.grundschule-schlaitdorf.de\/wordpress\/wp-json\/wp\/v2\/types\/page"}],"author":[{"embeddable":true,"href":"https:\/\/www.grundschule-schlaitdorf.de\/wordpress\/wp-json\/wp\/v2\/users\/3"}],"replies":[{"embeddable":true,"href":"https:\/\/www.grundschule-schlaitdorf.de\/wordpress\/wp-json\/wp\/v2\/comments?post=46"}],"version-history":[{"count":1,"href":"https:\/\/www.grundschule-schlaitdorf.de\/wordpress\/wp-json\/wp\/v2\/pages\/46\/revisions"}],"predecessor-version":[{"id":48,"href":"https:\/\/www.grundschule-schlaitdorf.de\/wordpress\/wp-json\/wp\/v2\/pages\/46\/revisions\/48"}],"up":[{"embeddable":true,"href":"https:\/\/www.grundschule-schlaitdorf.de\/wordpress\/wp-json\/wp\/v2\/pages\/12"}],"wp:attachment":[{"href":"https:\/\/www.grundschule-schlaitdorf.de\/wordpress\/wp-json\/wp\/v2\/media?parent=46"}],"curies":[{"name":"wp","href":"https:\/\/api.w.org\/{rel}","templated":true}]}}