{"id":2116,"date":"2026-03-13T12:31:35","date_gmt":"2026-03-13T10:31:35","guid":{"rendered":"https:\/\/www.grundschule-schlaitdorf.de\/wordpress\/?page_id=2116"},"modified":"2026-03-13T12:39:22","modified_gmt":"2026-03-13T10:39:22","slug":"kulturgenuss-in-der-wuertt-philharmonie-reutlingen","status":"publish","type":"page","link":"https:\/\/www.grundschule-schlaitdorf.de\/wordpress\/schulleben\/schuljahr-2025-26\/kulturgenuss-in-der-wuertt-philharmonie-reutlingen\/","title":{"rendered":"Kulturgenuss in der W\u00fcrtt. Philharmonie Reutlingen"},"content":{"rendered":"\n<p>Toll, dass es wieder geklappt hat!!!<\/p>\n\n\n\n<p>Zum wiederholten Mal durften wir zu einer Veranstaltung in der W\u00fcrttembergischen Philharmonie nach Reutlichen reisen. Mit zwei vollgepackten Bussen wurden alle Kinder der Schulke nebst ihren Lehrerinnen nach Reutlingen zur Philharmonie gebracht.<\/p>\n\n\n\n<p>Dort wartete das Orchester der W\u00fcrttembergischen Philharmonie auf uns, ebenso ihr Dirigent Erke Duit sowie der Erz\u00e4hler Marko Simsa.<\/p>\n\n\n\n<p>Zu Beginn wurde den Kindern erst einmal das Orchester erkl\u00e4rt, alle Insrumente gaben eine kleine Kostprobe ihres Klanges. Danach nahm uns Marko Simsa mit auf die Reise auf der Moldau. Von der Quelle an schildert das Musikst\u00fcck von Bedrich Smetana den Lauf der Moldau, vorbei an Hochzeitsfesten, durch sprudelnde Wasserl\u00e4ufe, vorbei an Prag bis zu ihrem Einflie\u00dfen in die Elbe. Wir wurden mitgenommen, h\u00f6rten die jeweils zugeh\u00f6rigen Passagen aus dem St\u00fcck, durften auch t\u00e4nzerisch t\u00e4tig werden, so dass uns das St\u00fcck sehr eing\u00e4ngig war. Zum Abschluss h\u00f6rten wir dann das ganze St\u00fcck mit seinen ca. 12 Minuten Spielzeit und durften dabei den ausgew\u00e4hlten Kinder-SchauspielerInnen aus dem Publikum zusehen, wie sie das St\u00fcck lebendig werden lie\u00dfen.<\/p>\n\n\n\n<p>Nach einer guten Stunde war es dann leider schon vorbei und wir fuhren wieder gen Heimat.<\/p>\n\n\n\n<p>Wer das St\u00fcck anh\u00f6ren m\u00f6chte, findet es z.B. in der <a href=\"https:\/\/www.ardmediathek.de\/video\/hr-sinfonieorchester\/smetana-die-moldau-alain-altinoglu\/hr\/NTMxYWIzOWQtN2YyYS00Y2Q2LThhZGEtYjBmZjdmMTU4ZWZm\">ARD-Mediathek.<\/a><\/p>\n\n\n\n<figure class=\"wp-block-image size-large\"><a href=\"https:\/\/www.grundschule-schlaitdorf.de\/wordpress\/wp-content\/uploads\/2026\/03\/20260306_105733-scaled.jpg\"><img loading=\"lazy\" decoding=\"async\" width=\"1024\" height=\"462\" src=\"https:\/\/www.grundschule-schlaitdorf.de\/wordpress\/wp-content\/uploads\/2026\/03\/20260306_105733-1024x462.jpg\" alt=\"\" class=\"wp-image-2117\" srcset=\"https:\/\/www.grundschule-schlaitdorf.de\/wordpress\/wp-content\/uploads\/2026\/03\/20260306_105733-1024x462.jpg 1024w, https:\/\/www.grundschule-schlaitdorf.de\/wordpress\/wp-content\/uploads\/2026\/03\/20260306_105733-300x135.jpg 300w, https:\/\/www.grundschule-schlaitdorf.de\/wordpress\/wp-content\/uploads\/2026\/03\/20260306_105733-768x346.jpg 768w, https:\/\/www.grundschule-schlaitdorf.de\/wordpress\/wp-content\/uploads\/2026\/03\/20260306_105733-1536x692.jpg 1536w, https:\/\/www.grundschule-schlaitdorf.de\/wordpress\/wp-content\/uploads\/2026\/03\/20260306_105733-2048x923.jpg 2048w, https:\/\/www.grundschule-schlaitdorf.de\/wordpress\/wp-content\/uploads\/2026\/03\/20260306_105733-624x281.jpg 624w\" sizes=\"auto, (max-width: 1024px) 100vw, 1024px\" \/><\/a><\/figure>\n\n\n\n<figure class=\"wp-block-image size-large\"><a href=\"https:\/\/www.grundschule-schlaitdorf.de\/wordpress\/wp-content\/uploads\/2026\/03\/20260306_111005-scaled.jpg\"><img loading=\"lazy\" decoding=\"async\" width=\"1024\" height=\"462\" src=\"https:\/\/www.grundschule-schlaitdorf.de\/wordpress\/wp-content\/uploads\/2026\/03\/20260306_111005-1024x462.jpg\" alt=\"\" class=\"wp-image-2118\" srcset=\"https:\/\/www.grundschule-schlaitdorf.de\/wordpress\/wp-content\/uploads\/2026\/03\/20260306_111005-1024x462.jpg 1024w, https:\/\/www.grundschule-schlaitdorf.de\/wordpress\/wp-content\/uploads\/2026\/03\/20260306_111005-300x135.jpg 300w, https:\/\/www.grundschule-schlaitdorf.de\/wordpress\/wp-content\/uploads\/2026\/03\/20260306_111005-768x346.jpg 768w, https:\/\/www.grundschule-schlaitdorf.de\/wordpress\/wp-content\/uploads\/2026\/03\/20260306_111005-1536x692.jpg 1536w, https:\/\/www.grundschule-schlaitdorf.de\/wordpress\/wp-content\/uploads\/2026\/03\/20260306_111005-2048x923.jpg 2048w, https:\/\/www.grundschule-schlaitdorf.de\/wordpress\/wp-content\/uploads\/2026\/03\/20260306_111005-624x281.jpg 624w\" sizes=\"auto, (max-width: 1024px) 100vw, 1024px\" \/><\/a><\/figure>\n\n\n\n<figure class=\"wp-block-image size-large\"><a href=\"https:\/\/www.grundschule-schlaitdorf.de\/wordpress\/wp-content\/uploads\/2026\/03\/20260306_111011-scaled.jpg\"><img loading=\"lazy\" decoding=\"async\" width=\"1024\" height=\"462\" src=\"https:\/\/www.grundschule-schlaitdorf.de\/wordpress\/wp-content\/uploads\/2026\/03\/20260306_111011-1024x462.jpg\" alt=\"\" class=\"wp-image-2119\" srcset=\"https:\/\/www.grundschule-schlaitdorf.de\/wordpress\/wp-content\/uploads\/2026\/03\/20260306_111011-1024x462.jpg 1024w, https:\/\/www.grundschule-schlaitdorf.de\/wordpress\/wp-content\/uploads\/2026\/03\/20260306_111011-300x135.jpg 300w, https:\/\/www.grundschule-schlaitdorf.de\/wordpress\/wp-content\/uploads\/2026\/03\/20260306_111011-768x346.jpg 768w, https:\/\/www.grundschule-schlaitdorf.de\/wordpress\/wp-content\/uploads\/2026\/03\/20260306_111011-1536x692.jpg 1536w, https:\/\/www.grundschule-schlaitdorf.de\/wordpress\/wp-content\/uploads\/2026\/03\/20260306_111011-2048x923.jpg 2048w, https:\/\/www.grundschule-schlaitdorf.de\/wordpress\/wp-content\/uploads\/2026\/03\/20260306_111011-624x281.jpg 624w\" sizes=\"auto, (max-width: 1024px) 100vw, 1024px\" \/><\/a><\/figure>\n","protected":false},"excerpt":{"rendered":"<p>Toll, dass es wieder geklappt hat!!! Zum wiederholten Mal durften wir zu einer Veranstaltung in der W\u00fcrttembergischen Philharmonie nach Reutlichen reisen. Mit zwei vollgepackten Bussen wurden alle Kinder der Schulke nebst ihren Lehrerinnen nach Reutlingen zur Philharmonie gebracht. Dort wartete das Orchester der W\u00fcrttembergischen Philharmonie auf uns, ebenso ihr Dirigent Erke Duit sowie der Erz\u00e4hler [&hellip;]<\/p>\n","protected":false},"author":3,"featured_media":0,"parent":2048,"menu_order":0,"comment_status":"closed","ping_status":"closed","template":"page-templates\/full-width.php","meta":{"footnotes":""},"class_list":["post-2116","page","type-page","status-publish","hentry"],"_links":{"self":[{"href":"https:\/\/www.grundschule-schlaitdorf.de\/wordpress\/wp-json\/wp\/v2\/pages\/2116","targetHints":{"allow":["GET"]}}],"collection":[{"href":"https:\/\/www.grundschule-schlaitdorf.de\/wordpress\/wp-json\/wp\/v2\/pages"}],"about":[{"href":"https:\/\/www.grundschule-schlaitdorf.de\/wordpress\/wp-json\/wp\/v2\/types\/page"}],"author":[{"embeddable":true,"href":"https:\/\/www.grundschule-schlaitdorf.de\/wordpress\/wp-json\/wp\/v2\/users\/3"}],"replies":[{"embeddable":true,"href":"https:\/\/www.grundschule-schlaitdorf.de\/wordpress\/wp-json\/wp\/v2\/comments?post=2116"}],"version-history":[{"count":4,"href":"https:\/\/www.grundschule-schlaitdorf.de\/wordpress\/wp-json\/wp\/v2\/pages\/2116\/revisions"}],"predecessor-version":[{"id":2125,"href":"https:\/\/www.grundschule-schlaitdorf.de\/wordpress\/wp-json\/wp\/v2\/pages\/2116\/revisions\/2125"}],"up":[{"embeddable":true,"href":"https:\/\/www.grundschule-schlaitdorf.de\/wordpress\/wp-json\/wp\/v2\/pages\/2048"}],"wp:attachment":[{"href":"https:\/\/www.grundschule-schlaitdorf.de\/wordpress\/wp-json\/wp\/v2\/media?parent=2116"}],"curies":[{"name":"wp","href":"https:\/\/api.w.org\/{rel}","templated":true}]}}

Kulturgenuss in der Württ. Philharmonie Reutlingen

<p>Toll, dass es wieder geklappt hat!!!</p>



<p>Zum wiederholten Mal durften wir zu einer Veranstaltung in der Württembergischen Philharmonie nach Reutlichen reisen. Mit zwei vollgepackten Bussen wurden alle Kinder der Schulke nebst ihren Lehrerinnen nach Reutlingen zur Philharmonie gebracht.</p>



<p>Dort wartete das Orchester der Württembergischen Philharmonie auf uns, ebenso ihr Dirigent Erke Duit sowie der Erzähler Marko Simsa.</p>



<p>Zu Beginn wurde den Kindern erst einmal das Orchester erklärt, alle Insrumente gaben eine kleine Kostprobe ihres Klanges. Danach nahm uns Marko Simsa mit auf die Reise auf der Moldau. Von der Quelle an schildert das Musikstück von Bedrich Smetana den Lauf der Moldau, vorbei an Hochzeitsfesten, durch sprudelnde Wasserläufe, vorbei an Prag bis zu ihrem Einfließen in die Elbe. Wir wurden mitgenommen, hörten die jeweils zugehörigen Passagen aus dem Stück, durften auch tänzerisch tätig werden, so dass uns das Stück sehr eingängig war. Zum Abschluss hörten wir dann das ganze Stück mit seinen ca. 12 Minuten Spielzeit und durften dabei den ausgewählten Kinder-SchauspielerInnen aus dem Publikum zusehen, wie sie das Stück lebendig werden ließen.</p>



<p>Nach einer guten Stunde war es dann leider schon vorbei und wir fuhren wieder gen Heimat.</p>



<p>Wer das Stück anhören möchte, findet es z.B. in der <a href="https://www.ardmediathek.de/video/hr-sinfonieorchester/smetana-die-moldau-alain-altinoglu/hr/NTMxYWIzOWQtN2YyYS00Y2Q2LThhZGEtYjBmZjdmMTU4ZWZm">ARD-Mediathek.</a></p>



<figure class="wp-block-image size-large"><a href="https://www.grundschule-schlaitdorf.de/wordpress/wp-content/uploads/2026/03/20260306_105733-scaled.jpg"><img loading="lazy" decoding="async" width="1024" height="462" src="https://www.grundschule-schlaitdorf.de/wordpress/wp-content/uploads/2026/03/20260306_105733-1024x462.jpg" alt="" class="wp-image-2117" srcset="https://www.grundschule-schlaitdorf.de/wordpress/wp-content/uploads/2026/03/20260306_105733-1024x462.jpg 1024w, https://www.grundschule-schlaitdorf.de/wordpress/wp-content/uploads/2026/03/20260306_105733-300x135.jpg 300w, https://www.grundschule-schlaitdorf.de/wordpress/wp-content/uploads/2026/03/20260306_105733-768x346.jpg 768w, https://www.grundschule-schlaitdorf.de/wordpress/wp-content/uploads/2026/03/20260306_105733-1536x692.jpg 1536w, https://www.grundschule-schlaitdorf.de/wordpress/wp-content/uploads/2026/03/20260306_105733-2048x923.jpg 2048w, https://www.grundschule-schlaitdorf.de/wordpress/wp-content/uploads/2026/03/20260306_105733-624x281.jpg 624w" sizes="auto, (max-width: 1024px) 100vw, 1024px" /></a></figure>



<figure class="wp-block-image size-large"><a href="https://www.grundschule-schlaitdorf.de/wordpress/wp-content/uploads/2026/03/20260306_111005-scaled.jpg"><img loading="lazy" decoding="async" width="1024" height="462" src="https://www.grundschule-schlaitdorf.de/wordpress/wp-content/uploads/2026/03/20260306_111005-1024x462.jpg" alt="" class="wp-image-2118" srcset="https://www.grundschule-schlaitdorf.de/wordpress/wp-content/uploads/2026/03/20260306_111005-1024x462.jpg 1024w, https://www.grundschule-schlaitdorf.de/wordpress/wp-content/uploads/2026/03/20260306_111005-300x135.jpg 300w, https://www.grundschule-schlaitdorf.de/wordpress/wp-content/uploads/2026/03/20260306_111005-768x346.jpg 768w, https://www.grundschule-schlaitdorf.de/wordpress/wp-content/uploads/2026/03/20260306_111005-1536x692.jpg 1536w, https://www.grundschule-schlaitdorf.de/wordpress/wp-content/uploads/2026/03/20260306_111005-2048x923.jpg 2048w, https://www.grundschule-schlaitdorf.de/wordpress/wp-content/uploads/2026/03/20260306_111005-624x281.jpg 624w" sizes="auto, (max-width: 1024px) 100vw, 1024px" /></a></figure>



<figure class="wp-block-image size-large"><a href="https://www.grundschule-schlaitdorf.de/wordpress/wp-content/uploads/2026/03/20260306_111011-scaled.jpg"><img loading="lazy" decoding="async" width="1024" height="462" src="https://www.grundschule-schlaitdorf.de/wordpress/wp-content/uploads/2026/03/20260306_111011-1024x462.jpg" alt="" class="wp-image-2119" srcset="https://www.grundschule-schlaitdorf.de/wordpress/wp-content/uploads/2026/03/20260306_111011-1024x462.jpg 1024w, https://www.grundschule-schlaitdorf.de/wordpress/wp-content/uploads/2026/03/20260306_111011-300x135.jpg 300w, https://www.grundschule-schlaitdorf.de/wordpress/wp-content/uploads/2026/03/20260306_111011-768x346.jpg 768w, https://www.grundschule-schlaitdorf.de/wordpress/wp-content/uploads/2026/03/20260306_111011-1536x692.jpg 1536w, https://www.grundschule-schlaitdorf.de/wordpress/wp-content/uploads/2026/03/20260306_111011-2048x923.jpg 2048w, https://www.grundschule-schlaitdorf.de/wordpress/wp-content/uploads/2026/03/20260306_111011-624x281.jpg 624w" sizes="auto, (max-width: 1024px) 100vw, 1024px" /></a></figure>

<p>Toll, dass es wieder geklappt hat!!! Zum wiederholten Mal durften wir zu einer Veranstaltung in der Württembergischen Philharmonie nach Reutlichen reisen. Mit zwei vollgepackten Bussen wurden alle Kinder der Schulke nebst ihren Lehrerinnen nach Reutlingen zur Philharmonie gebracht. Dort wartete das Orchester der Württembergischen Philharmonie auf uns, ebenso ihr Dirigent Erke Duit sowie der Erzähler [&hellip;]</p>
