{"id":208,"date":"2014-05-18T12:40:46","date_gmt":"2014-05-18T10:40:46","guid":{"rendered":"https:\/\/www.grundschule-schlaitdorf.de\/wordpress\/?page_id=208"},"modified":"2018-05-31T21:37:28","modified_gmt":"2018-05-31T19:37:28","slug":"bewegungsparcours","status":"publish","type":"page","link":"https:\/\/www.grundschule-schlaitdorf.de\/wordpress\/projekte\/bewegungsparcours\/","title":{"rendered":"Bewegungsparcours"},"content":{"rendered":"<h4>Projekt Bewegungsparcours<\/h4>\n<p>Im Juli 2010 weihten wir unseren Bewegungsparcours neben der schon bestehenden Reifenburg ein. Auf zahlreichen Reifen und Ger\u00e4ten k\u00f6nnen die Kinder klettern, h\u00fcpfen, balancieren und springen. Schon seit einigen Jahren bestand der Wunsch f\u00fcr die Schulkinder eine M\u00f6glichkeit zu schaffen, Pausen mit Bewegung sinnvoll zu gestalten. Daher haben Elternbeirat und F\u00f6rderverein f\u00fcr dieses Gro\u00dfprojekt Geld angespart und sich Gedanken gemacht, wie\u00a0dieses m\u00f6glichst sinnvoll eingesetzt werden kann.<\/p>\n<p align=\"left\">Im Jahr 2010 war es dann soweit. Jetzt reichten die angesparten Einnahmen aus Schulveranstaltungen und verschiedene Firmen- und Vereinsspenden, um das Projekt in Angriff zu nehmen. Nat\u00fcrlich konnten wir unseren Traum auch nur verwirklichen, weil zahlreiche Eltern, ortsans\u00e4ssige Fachkr\u00e4fte und die Bauhofmitarbeiter vor allem in Eigenleistung den Parcours anlegten. An zahlreichen Wochenenden wurden Fundamente ausgehoben, Reifen einbetoniert, die Ger\u00e4te lackiert, montiert und einbetoniert und zuletzt der Fallschutz verteilt.<\/p>\n<p align=\"left\">Es war wirklich beeindruckend wie viele Eltern sich zum Arbeitseinsatz gemeldet haben oder Vesper gebracht haben. Zusammen mit dem Kollegium waren circa 50 ehrenamtliche Helfer im Einsatz. Und wir alle zusammen haben in etwa 700 Arbeitsstunden diesen tollen Bewegungsparcours gebaut, auf den wir wirklich stolz sein k\u00f6nnen.<\/p>\n<p align=\"left\">Unser Projekt Bewegungsparcours zeigt wieder, dass wenn alle zusammenhelfen, viel erreicht werden kann.<\/p>\n<p align=\"left\"><a href=\"https:\/\/www.grundschule-schlaitdorf.de\/wordpress\/wp-content\/uploads\/2014\/05\/Bewegungsparcour-Einsatz1.jpg\"><img loading=\"lazy\" decoding=\"async\" class=\"alignleft size-medium wp-image-209\" src=\"https:\/\/www.grundschule-schlaitdorf.de\/wordpress\/wp-content\/uploads\/2014\/05\/Bewegungsparcour-Einsatz1-300x225.jpg\" alt=\"Bewegungsparcour Einsatz\" width=\"300\" height=\"225\" srcset=\"https:\/\/www.grundschule-schlaitdorf.de\/wordpress\/wp-content\/uploads\/2014\/05\/Bewegungsparcour-Einsatz1-300x225.jpg 300w, https:\/\/www.grundschule-schlaitdorf.de\/wordpress\/wp-content\/uploads\/2014\/05\/Bewegungsparcour-Einsatz1-1024x768.jpg 1024w, https:\/\/www.grundschule-schlaitdorf.de\/wordpress\/wp-content\/uploads\/2014\/05\/Bewegungsparcour-Einsatz1-624x468.jpg 624w\" sizes=\"auto, (max-width: 300px) 100vw, 300px\" \/><\/a> <a href=\"https:\/\/www.grundschule-schlaitdorf.de\/wordpress\/wp-content\/uploads\/2014\/05\/Bewegungsparcours-fertig1.jpg\"><img loading=\"lazy\" decoding=\"async\" class=\"alignleft size-medium wp-image-210\" src=\"https:\/\/www.grundschule-schlaitdorf.de\/wordpress\/wp-content\/uploads\/2014\/05\/Bewegungsparcours-fertig1-300x225.jpg\" alt=\"Bewegungsparcours fertig\" width=\"300\" height=\"225\" srcset=\"https:\/\/www.grundschule-schlaitdorf.de\/wordpress\/wp-content\/uploads\/2014\/05\/Bewegungsparcours-fertig1-300x225.jpg 300w, https:\/\/www.grundschule-schlaitdorf.de\/wordpress\/wp-content\/uploads\/2014\/05\/Bewegungsparcours-fertig1-1024x768.jpg 1024w, https:\/\/www.grundschule-schlaitdorf.de\/wordpress\/wp-content\/uploads\/2014\/05\/Bewegungsparcours-fertig1-624x468.jpg 624w, https:\/\/www.grundschule-schlaitdorf.de\/wordpress\/wp-content\/uploads\/2014\/05\/Bewegungsparcours-fertig1.jpg 2048w\" sizes=\"auto, (max-width: 300px) 100vw, 300px\" \/><\/a><\/p>\n","protected":false},"excerpt":{"rendered":"<p>Projekt Bewegungsparcours Im Juli 2010 weihten wir unseren Bewegungsparcours neben der schon bestehenden Reifenburg ein. Auf zahlreichen Reifen und Ger\u00e4ten k\u00f6nnen die Kinder klettern, h\u00fcpfen, balancieren und springen. Schon seit einigen Jahren bestand der Wunsch f\u00fcr die Schulkinder eine M\u00f6glichkeit zu schaffen, Pausen mit Bewegung sinnvoll zu gestalten. Daher haben Elternbeirat und F\u00f6rderverein f\u00fcr dieses [&hellip;]<\/p>\n","protected":false},"author":3,"featured_media":0,"parent":717,"menu_order":15,"comment_status":"closed","ping_status":"closed","template":"page-templates\/full-width.php","meta":{"footnotes":""},"class_list":["post-208","page","type-page","status-publish","hentry"],"_links":{"self":[{"href":"https:\/\/www.grundschule-schlaitdorf.de\/wordpress\/wp-json\/wp\/v2\/pages\/208","targetHints":{"allow":["GET"]}}],"collection":[{"href":"https:\/\/www.grundschule-schlaitdorf.de\/wordpress\/wp-json\/wp\/v2\/pages"}],"about":[{"href":"https:\/\/www.grundschule-schlaitdorf.de\/wordpress\/wp-json\/wp\/v2\/types\/page"}],"author":[{"embeddable":true,"href":"https:\/\/www.grundschule-schlaitdorf.de\/wordpress\/wp-json\/wp\/v2\/users\/3"}],"replies":[{"embeddable":true,"href":"https:\/\/www.grundschule-schlaitdorf.de\/wordpress\/wp-json\/wp\/v2\/comments?post=208"}],"version-history":[{"count":1,"href":"https:\/\/www.grundschule-schlaitdorf.de\/wordpress\/wp-json\/wp\/v2\/pages\/208\/revisions"}],"predecessor-version":[{"id":211,"href":"https:\/\/www.grundschule-schlaitdorf.de\/wordpress\/wp-json\/wp\/v2\/pages\/208\/revisions\/211"}],"up":[{"embeddable":true,"href":"https:\/\/www.grundschule-schlaitdorf.de\/wordpress\/wp-json\/wp\/v2\/pages\/717"}],"wp:attachment":[{"href":"https:\/\/www.grundschule-schlaitdorf.de\/wordpress\/wp-json\/wp\/v2\/media?parent=208"}],"curies":[{"name":"wp","href":"https:\/\/api.w.org\/{rel}","templated":true}]}}