{"id":1923,"date":"2024-10-16T14:10:29","date_gmt":"2024-10-16T12:10:29","guid":{"rendered":"https:\/\/www.grundschule-schlaitdorf.de\/wordpress\/?page_id=1923"},"modified":"2024-10-16T14:25:40","modified_gmt":"2024-10-16T12:25:40","slug":"fredericktage-2024-mit-sue-glanzner","status":"publish","type":"page","link":"https:\/\/www.grundschule-schlaitdorf.de\/wordpress\/schulleben\/schuljahr-2024-25\/fredericktage-2024-mit-sue-glanzner\/","title":{"rendered":"Fredericktage 2024 mit Sue Glanzner"},"content":{"rendered":"\n<p>Bereits zum zweiten Mal hatten wir sie eingeladen und waren sehr froh, dass sie wieder kommen mochte: Die Stuttgarter Autorin Susanne &#8222;Sue&#8220; Glanzner war im Rahmen der diesj\u00e4hrigen Fredericktage wieder einmal bei uns an der Grundschule. Mit ihren B\u00fcchern &#8222;Shaiko&#8220; und &#8222;Kalle Komet&#8220; verzauberte sie wieder alle Zuh\u00f6renden. In der ersten Lesung mit den Kindern der Klassen 3 und 4 entspannte sich ein wahres Expertengespr\u00e4ch \u00fcber Haie. Erstaunlich, was auch einige Kinder bereits wussten!<\/p>\n\n\n\n<figure class=\"wp-block-gallery has-nested-images columns-default is-cropped wp-block-gallery-1 is-layout-flex wp-block-gallery-is-layout-flex\">\n<figure class=\"wp-block-image size-large\"><a href=\"https:\/\/www.grundschule-schlaitdorf.de\/wordpress\/wp-content\/uploads\/2024\/10\/DSC_0006-scaled.jpg\"><img loading=\"lazy\" decoding=\"async\" width=\"1024\" height=\"683\" data-id=\"1924\" src=\"https:\/\/www.grundschule-schlaitdorf.de\/wordpress\/wp-content\/uploads\/2024\/10\/DSC_0006-1024x683.jpg\" alt=\"\" class=\"wp-image-1924\" srcset=\"https:\/\/www.grundschule-schlaitdorf.de\/wordpress\/wp-content\/uploads\/2024\/10\/DSC_0006-1024x683.jpg 1024w, https:\/\/www.grundschule-schlaitdorf.de\/wordpress\/wp-content\/uploads\/2024\/10\/DSC_0006-300x200.jpg 300w, https:\/\/www.grundschule-schlaitdorf.de\/wordpress\/wp-content\/uploads\/2024\/10\/DSC_0006-768x512.jpg 768w, https:\/\/www.grundschule-schlaitdorf.de\/wordpress\/wp-content\/uploads\/2024\/10\/DSC_0006-1536x1024.jpg 1536w, https:\/\/www.grundschule-schlaitdorf.de\/wordpress\/wp-content\/uploads\/2024\/10\/DSC_0006-2048x1365.jpg 2048w, https:\/\/www.grundschule-schlaitdorf.de\/wordpress\/wp-content\/uploads\/2024\/10\/DSC_0006-624x416.jpg 624w\" sizes=\"auto, (max-width: 1024px) 100vw, 1024px\" \/><\/a><\/figure>\n\n\n\n<figure class=\"wp-block-image size-large\"><a href=\"https:\/\/www.grundschule-schlaitdorf.de\/wordpress\/wp-content\/uploads\/2024\/10\/DSC_0012-scaled.jpg\"><img loading=\"lazy\" decoding=\"async\" width=\"1024\" height=\"683\" data-id=\"1925\" src=\"https:\/\/www.grundschule-schlaitdorf.de\/wordpress\/wp-content\/uploads\/2024\/10\/DSC_0012-1024x683.jpg\" alt=\"\" class=\"wp-image-1925\" srcset=\"https:\/\/www.grundschule-schlaitdorf.de\/wordpress\/wp-content\/uploads\/2024\/10\/DSC_0012-1024x683.jpg 1024w, https:\/\/www.grundschule-schlaitdorf.de\/wordpress\/wp-content\/uploads\/2024\/10\/DSC_0012-300x200.jpg 300w, https:\/\/www.grundschule-schlaitdorf.de\/wordpress\/wp-content\/uploads\/2024\/10\/DSC_0012-768x512.jpg 768w, https:\/\/www.grundschule-schlaitdorf.de\/wordpress\/wp-content\/uploads\/2024\/10\/DSC_0012-1536x1024.jpg 1536w, https:\/\/www.grundschule-schlaitdorf.de\/wordpress\/wp-content\/uploads\/2024\/10\/DSC_0012-2048x1365.jpg 2048w, https:\/\/www.grundschule-schlaitdorf.de\/wordpress\/wp-content\/uploads\/2024\/10\/DSC_0012-624x416.jpg 624w\" sizes=\"auto, (max-width: 1024px) 100vw, 1024px\" \/><\/a><\/figure>\n<\/figure>\n\n\n\n<p>In der Lesung f\u00fcr die 1. und 2. Klasse konnte sich Frau Glanzner ganz auf das Thema Astronomie einlassen und wusste die Kinder geschickt mit einzubinden. Denn Raketen zu fliegen, so waren sich alle einig, ist gar nicht sooooo einfach! Manchmal fliegt man zu weit, manchmal zu kurz. manchmal ist es sehr laut, manchmal aber auch leise. <\/p>\n\n\n\n<figure class=\"wp-block-gallery has-nested-images columns-default is-cropped wp-block-gallery-2 is-layout-flex wp-block-gallery-is-layout-flex\">\n<figure class=\"wp-block-image size-large\"><a href=\"https:\/\/www.grundschule-schlaitdorf.de\/wordpress\/wp-content\/uploads\/2024\/10\/DSC_0015-scaled.jpg\"><img loading=\"lazy\" decoding=\"async\" width=\"1024\" height=\"683\" data-id=\"1926\" src=\"https:\/\/www.grundschule-schlaitdorf.de\/wordpress\/wp-content\/uploads\/2024\/10\/DSC_0015-1024x683.jpg\" alt=\"\" class=\"wp-image-1926\" srcset=\"https:\/\/www.grundschule-schlaitdorf.de\/wordpress\/wp-content\/uploads\/2024\/10\/DSC_0015-1024x683.jpg 1024w, https:\/\/www.grundschule-schlaitdorf.de\/wordpress\/wp-content\/uploads\/2024\/10\/DSC_0015-300x200.jpg 300w, https:\/\/www.grundschule-schlaitdorf.de\/wordpress\/wp-content\/uploads\/2024\/10\/DSC_0015-768x512.jpg 768w, https:\/\/www.grundschule-schlaitdorf.de\/wordpress\/wp-content\/uploads\/2024\/10\/DSC_0015-1536x1024.jpg 1536w, https:\/\/www.grundschule-schlaitdorf.de\/wordpress\/wp-content\/uploads\/2024\/10\/DSC_0015-2048x1365.jpg 2048w, https:\/\/www.grundschule-schlaitdorf.de\/wordpress\/wp-content\/uploads\/2024\/10\/DSC_0015-624x416.jpg 624w\" sizes=\"auto, (max-width: 1024px) 100vw, 1024px\" \/><\/a><\/figure>\n\n\n\n<figure class=\"wp-block-image size-large\"><a href=\"https:\/\/www.grundschule-schlaitdorf.de\/wordpress\/wp-content\/uploads\/2024\/10\/DSC_0023-scaled.jpg\"><img loading=\"lazy\" decoding=\"async\" width=\"1024\" height=\"683\" data-id=\"1928\" src=\"https:\/\/www.grundschule-schlaitdorf.de\/wordpress\/wp-content\/uploads\/2024\/10\/DSC_0023-1024x683.jpg\" alt=\"\" class=\"wp-image-1928\" srcset=\"https:\/\/www.grundschule-schlaitdorf.de\/wordpress\/wp-content\/uploads\/2024\/10\/DSC_0023-1024x683.jpg 1024w, https:\/\/www.grundschule-schlaitdorf.de\/wordpress\/wp-content\/uploads\/2024\/10\/DSC_0023-300x200.jpg 300w, https:\/\/www.grundschule-schlaitdorf.de\/wordpress\/wp-content\/uploads\/2024\/10\/DSC_0023-768x512.jpg 768w, https:\/\/www.grundschule-schlaitdorf.de\/wordpress\/wp-content\/uploads\/2024\/10\/DSC_0023-1536x1024.jpg 1536w, https:\/\/www.grundschule-schlaitdorf.de\/wordpress\/wp-content\/uploads\/2024\/10\/DSC_0023-2048x1365.jpg 2048w, https:\/\/www.grundschule-schlaitdorf.de\/wordpress\/wp-content\/uploads\/2024\/10\/DSC_0023-624x416.jpg 624w\" sizes=\"auto, (max-width: 1024px) 100vw, 1024px\" \/><\/a><\/figure>\n\n\n\n<figure class=\"wp-block-image size-large\"><a href=\"https:\/\/www.grundschule-schlaitdorf.de\/wordpress\/wp-content\/uploads\/2024\/10\/DSC_0025-scaled.jpg\"><img loading=\"lazy\" decoding=\"async\" width=\"1024\" height=\"683\" data-id=\"1927\" src=\"https:\/\/www.grundschule-schlaitdorf.de\/wordpress\/wp-content\/uploads\/2024\/10\/DSC_0025-1024x683.jpg\" alt=\"\" class=\"wp-image-1927\" srcset=\"https:\/\/www.grundschule-schlaitdorf.de\/wordpress\/wp-content\/uploads\/2024\/10\/DSC_0025-1024x683.jpg 1024w, https:\/\/www.grundschule-schlaitdorf.de\/wordpress\/wp-content\/uploads\/2024\/10\/DSC_0025-300x200.jpg 300w, https:\/\/www.grundschule-schlaitdorf.de\/wordpress\/wp-content\/uploads\/2024\/10\/DSC_0025-768x512.jpg 768w, https:\/\/www.grundschule-schlaitdorf.de\/wordpress\/wp-content\/uploads\/2024\/10\/DSC_0025-1536x1024.jpg 1536w, https:\/\/www.grundschule-schlaitdorf.de\/wordpress\/wp-content\/uploads\/2024\/10\/DSC_0025-2048x1365.jpg 2048w, https:\/\/www.grundschule-schlaitdorf.de\/wordpress\/wp-content\/uploads\/2024\/10\/DSC_0025-624x416.jpg 624w\" sizes=\"auto, (max-width: 1024px) 100vw, 1024px\" \/><\/a><\/figure>\n<\/figure>\n\n\n\n<p>So verging die Zeit wie im Fluge und wir mussten die sympathische Autorin leider schon wieder viel zu schnell verabschieden.<\/p>\n\n\n\n<p>Danke f\u00fcr&#8217;s hier sein und wieder gerne bis zum n\u00e4chsten Mal!<\/p>\n\n\n\n<p>Auch Frau Glanzner scheint es bei uns gefallen zu haben:<\/p>\n\n\n\n<figure class=\"wp-block-image size-large\"><a href=\"https:\/\/www.grundschule-schlaitdorf.de\/wordpress\/wp-content\/uploads\/2024\/10\/Frau-Glanzner-1.jpg\"><img loading=\"lazy\" decoding=\"async\" width=\"986\" height=\"1024\" src=\"https:\/\/www.grundschule-schlaitdorf.de\/wordpress\/wp-content\/uploads\/2024\/10\/Frau-Glanzner-1-986x1024.jpg\" alt=\"\" class=\"wp-image-1936\" srcset=\"https:\/\/www.grundschule-schlaitdorf.de\/wordpress\/wp-content\/uploads\/2024\/10\/Frau-Glanzner-1-986x1024.jpg 986w, https:\/\/www.grundschule-schlaitdorf.de\/wordpress\/wp-content\/uploads\/2024\/10\/Frau-Glanzner-1-289x300.jpg 289w, https:\/\/www.grundschule-schlaitdorf.de\/wordpress\/wp-content\/uploads\/2024\/10\/Frau-Glanzner-1-768x798.jpg 768w, https:\/\/www.grundschule-schlaitdorf.de\/wordpress\/wp-content\/uploads\/2024\/10\/Frau-Glanzner-1-624x648.jpg 624w, https:\/\/www.grundschule-schlaitdorf.de\/wordpress\/wp-content\/uploads\/2024\/10\/Frau-Glanzner-1.jpg 1080w\" sizes=\"auto, (max-width: 986px) 100vw, 986px\" \/><\/a><\/figure>\n\n\n\n<figure class=\"wp-block-image size-large\"><a href=\"https:\/\/www.grundschule-schlaitdorf.de\/wordpress\/wp-content\/uploads\/2024\/10\/Frau-Glanzner-2.jpg\"><img loading=\"lazy\" decoding=\"async\" width=\"619\" height=\"1024\" src=\"https:\/\/www.grundschule-schlaitdorf.de\/wordpress\/wp-content\/uploads\/2024\/10\/Frau-Glanzner-2-619x1024.jpg\" alt=\"\" class=\"wp-image-1937\" srcset=\"https:\/\/www.grundschule-schlaitdorf.de\/wordpress\/wp-content\/uploads\/2024\/10\/Frau-Glanzner-2-619x1024.jpg 619w, https:\/\/www.grundschule-schlaitdorf.de\/wordpress\/wp-content\/uploads\/2024\/10\/Frau-Glanzner-2-181x300.jpg 181w, https:\/\/www.grundschule-schlaitdorf.de\/wordpress\/wp-content\/uploads\/2024\/10\/Frau-Glanzner-2-768x1270.jpg 768w, https:\/\/www.grundschule-schlaitdorf.de\/wordpress\/wp-content\/uploads\/2024\/10\/Frau-Glanzner-2-929x1536.jpg 929w, https:\/\/www.grundschule-schlaitdorf.de\/wordpress\/wp-content\/uploads\/2024\/10\/Frau-Glanzner-2-624x1032.jpg 624w, https:\/\/www.grundschule-schlaitdorf.de\/wordpress\/wp-content\/uploads\/2024\/10\/Frau-Glanzner-2.jpg 1080w\" sizes=\"auto, (max-width: 619px) 100vw, 619px\" \/><\/a><\/figure>\n","protected":false},"excerpt":{"rendered":"<p>Bereits zum zweiten Mal hatten wir sie eingeladen und waren sehr froh, dass sie wieder kommen mochte: Die Stuttgarter Autorin Susanne &#8222;Sue&#8220; Glanzner war im Rahmen der diesj\u00e4hrigen Fredericktage wieder einmal bei uns an der Grundschule. Mit ihren B\u00fcchern &#8222;Shaiko&#8220; und &#8222;Kalle Komet&#8220; verzauberte sie wieder alle Zuh\u00f6renden. In der ersten Lesung mit den Kindern [&hellip;]<\/p>\n","protected":false},"author":3,"featured_media":0,"parent":1930,"menu_order":0,"comment_status":"closed","ping_status":"closed","template":"page-templates\/full-width.php","meta":{"footnotes":""},"class_list":["post-1923","page","type-page","status-publish","hentry"],"_links":{"self":[{"href":"https:\/\/www.grundschule-schlaitdorf.de\/wordpress\/wp-json\/wp\/v2\/pages\/1923","targetHints":{"allow":["GET"]}}],"collection":[{"href":"https:\/\/www.grundschule-schlaitdorf.de\/wordpress\/wp-json\/wp\/v2\/pages"}],"about":[{"href":"https:\/\/www.grundschule-schlaitdorf.de\/wordpress\/wp-json\/wp\/v2\/types\/page"}],"author":[{"embeddable":true,"href":"https:\/\/www.grundschule-schlaitdorf.de\/wordpress\/wp-json\/wp\/v2\/users\/3"}],"replies":[{"embeddable":true,"href":"https:\/\/www.grundschule-schlaitdorf.de\/wordpress\/wp-json\/wp\/v2\/comments?post=1923"}],"version-history":[{"count":3,"href":"https:\/\/www.grundschule-schlaitdorf.de\/wordpress\/wp-json\/wp\/v2\/pages\/1923\/revisions"}],"predecessor-version":[{"id":1938,"href":"https:\/\/www.grundschule-schlaitdorf.de\/wordpress\/wp-json\/wp\/v2\/pages\/1923\/revisions\/1938"}],"up":[{"embeddable":true,"href":"https:\/\/www.grundschule-schlaitdorf.de\/wordpress\/wp-json\/wp\/v2\/pages\/1930"}],"wp:attachment":[{"href":"https:\/\/www.grundschule-schlaitdorf.de\/wordpress\/wp-json\/wp\/v2\/media?parent=1923"}],"curies":[{"name":"wp","href":"https:\/\/api.w.org\/{rel}","templated":true}]}}

<p>Bereits zum zweiten Mal hatten wir sie eingeladen und waren sehr froh, dass sie wieder kommen mochte: Die Stuttgarter Autorin Susanne &#8222;Sue&#8220; Glanzner war im Rahmen der diesjährigen Fredericktage wieder einmal bei uns an der Grundschule. Mit ihren Büchern &#8222;Shaiko&#8220; und &#8222;Kalle Komet&#8220; verzauberte sie wieder alle Zuhörenden. In der ersten Lesung mit den Kindern der Klassen 3 und 4 entspannte sich ein wahres Expertengespräch über Haie. Erstaunlich, was auch einige Kinder bereits wussten!</p>



<figure class="wp-block-gallery has-nested-images columns-default is-cropped wp-block-gallery-1 is-layout-flex wp-block-gallery-is-layout-flex">
<figure class="wp-block-image size-large"><a href="https://www.grundschule-schlaitdorf.de/wordpress/wp-content/uploads/2024/10/DSC_0006-scaled.jpg"><img loading="lazy" decoding="async" width="1024" height="683" data-id="1924" src="https://www.grundschule-schlaitdorf.de/wordpress/wp-content/uploads/2024/10/DSC_0006-1024x683.jpg" alt="" class="wp-image-1924" srcset="https://www.grundschule-schlaitdorf.de/wordpress/wp-content/uploads/2024/10/DSC_0006-1024x683.jpg 1024w, https://www.grundschule-schlaitdorf.de/wordpress/wp-content/uploads/2024/10/DSC_0006-300x200.jpg 300w, https://www.grundschule-schlaitdorf.de/wordpress/wp-content/uploads/2024/10/DSC_0006-768x512.jpg 768w, https://www.grundschule-schlaitdorf.de/wordpress/wp-content/uploads/2024/10/DSC_0006-1536x1024.jpg 1536w, https://www.grundschule-schlaitdorf.de/wordpress/wp-content/uploads/2024/10/DSC_0006-2048x1365.jpg 2048w, https://www.grundschule-schlaitdorf.de/wordpress/wp-content/uploads/2024/10/DSC_0006-624x416.jpg 624w" sizes="auto, (max-width: 1024px) 100vw, 1024px" /></a></figure>



<figure class="wp-block-image size-large"><a href="https://www.grundschule-schlaitdorf.de/wordpress/wp-content/uploads/2024/10/DSC_0012-scaled.jpg"><img loading="lazy" decoding="async" width="1024" height="683" data-id="1925" src="https://www.grundschule-schlaitdorf.de/wordpress/wp-content/uploads/2024/10/DSC_0012-1024x683.jpg" alt="" class="wp-image-1925" srcset="https://www.grundschule-schlaitdorf.de/wordpress/wp-content/uploads/2024/10/DSC_0012-1024x683.jpg 1024w, https://www.grundschule-schlaitdorf.de/wordpress/wp-content/uploads/2024/10/DSC_0012-300x200.jpg 300w, https://www.grundschule-schlaitdorf.de/wordpress/wp-content/uploads/2024/10/DSC_0012-768x512.jpg 768w, https://www.grundschule-schlaitdorf.de/wordpress/wp-content/uploads/2024/10/DSC_0012-1536x1024.jpg 1536w, https://www.grundschule-schlaitdorf.de/wordpress/wp-content/uploads/2024/10/DSC_0012-2048x1365.jpg 2048w, https://www.grundschule-schlaitdorf.de/wordpress/wp-content/uploads/2024/10/DSC_0012-624x416.jpg 624w" sizes="auto, (max-width: 1024px) 100vw, 1024px" /></a></figure>
</figure>



<p>In der Lesung für die 1. und 2. Klasse konnte sich Frau Glanzner ganz auf das Thema Astronomie einlassen und wusste die Kinder geschickt mit einzubinden. Denn Raketen zu fliegen, so waren sich alle einig, ist gar nicht sooooo einfach! Manchmal fliegt man zu weit, manchmal zu kurz. manchmal ist es sehr laut, manchmal aber auch leise. </p>



<figure class="wp-block-gallery has-nested-images columns-default is-cropped wp-block-gallery-2 is-layout-flex wp-block-gallery-is-layout-flex">
<figure class="wp-block-image size-large"><a href="https://www.grundschule-schlaitdorf.de/wordpress/wp-content/uploads/2024/10/DSC_0015-scaled.jpg"><img loading="lazy" decoding="async" width="1024" height="683" data-id="1926" src="https://www.grundschule-schlaitdorf.de/wordpress/wp-content/uploads/2024/10/DSC_0015-1024x683.jpg" alt="" class="wp-image-1926" srcset="https://www.grundschule-schlaitdorf.de/wordpress/wp-content/uploads/2024/10/DSC_0015-1024x683.jpg 1024w, https://www.grundschule-schlaitdorf.de/wordpress/wp-content/uploads/2024/10/DSC_0015-300x200.jpg 300w, https://www.grundschule-schlaitdorf.de/wordpress/wp-content/uploads/2024/10/DSC_0015-768x512.jpg 768w, https://www.grundschule-schlaitdorf.de/wordpress/wp-content/uploads/2024/10/DSC_0015-1536x1024.jpg 1536w, https://www.grundschule-schlaitdorf.de/wordpress/wp-content/uploads/2024/10/DSC_0015-2048x1365.jpg 2048w, https://www.grundschule-schlaitdorf.de/wordpress/wp-content/uploads/2024/10/DSC_0015-624x416.jpg 624w" sizes="auto, (max-width: 1024px) 100vw, 1024px" /></a></figure>



<figure class="wp-block-image size-large"><a href="https://www.grundschule-schlaitdorf.de/wordpress/wp-content/uploads/2024/10/DSC_0023-scaled.jpg"><img loading="lazy" decoding="async" width="1024" height="683" data-id="1928" src="https://www.grundschule-schlaitdorf.de/wordpress/wp-content/uploads/2024/10/DSC_0023-1024x683.jpg" alt="" class="wp-image-1928" srcset="https://www.grundschule-schlaitdorf.de/wordpress/wp-content/uploads/2024/10/DSC_0023-1024x683.jpg 1024w, https://www.grundschule-schlaitdorf.de/wordpress/wp-content/uploads/2024/10/DSC_0023-300x200.jpg 300w, https://www.grundschule-schlaitdorf.de/wordpress/wp-content/uploads/2024/10/DSC_0023-768x512.jpg 768w, https://www.grundschule-schlaitdorf.de/wordpress/wp-content/uploads/2024/10/DSC_0023-1536x1024.jpg 1536w, https://www.grundschule-schlaitdorf.de/wordpress/wp-content/uploads/2024/10/DSC_0023-2048x1365.jpg 2048w, https://www.grundschule-schlaitdorf.de/wordpress/wp-content/uploads/2024/10/DSC_0023-624x416.jpg 624w" sizes="auto, (max-width: 1024px) 100vw, 1024px" /></a></figure>



<figure class="wp-block-image size-large"><a href="https://www.grundschule-schlaitdorf.de/wordpress/wp-content/uploads/2024/10/DSC_0025-scaled.jpg"><img loading="lazy" decoding="async" width="1024" height="683" data-id="1927" src="https://www.grundschule-schlaitdorf.de/wordpress/wp-content/uploads/2024/10/DSC_0025-1024x683.jpg" alt="" class="wp-image-1927" srcset="https://www.grundschule-schlaitdorf.de/wordpress/wp-content/uploads/2024/10/DSC_0025-1024x683.jpg 1024w, https://www.grundschule-schlaitdorf.de/wordpress/wp-content/uploads/2024/10/DSC_0025-300x200.jpg 300w, https://www.grundschule-schlaitdorf.de/wordpress/wp-content/uploads/2024/10/DSC_0025-768x512.jpg 768w, https://www.grundschule-schlaitdorf.de/wordpress/wp-content/uploads/2024/10/DSC_0025-1536x1024.jpg 1536w, https://www.grundschule-schlaitdorf.de/wordpress/wp-content/uploads/2024/10/DSC_0025-2048x1365.jpg 2048w, https://www.grundschule-schlaitdorf.de/wordpress/wp-content/uploads/2024/10/DSC_0025-624x416.jpg 624w" sizes="auto, (max-width: 1024px) 100vw, 1024px" /></a></figure>
</figure>



<p>So verging die Zeit wie im Fluge und wir mussten die sympathische Autorin leider schon wieder viel zu schnell verabschieden.</p>



<p>Danke für&#8217;s hier sein und wieder gerne bis zum nächsten Mal!</p>



<p>Auch Frau Glanzner scheint es bei uns gefallen zu haben:</p>



<figure class="wp-block-image size-large"><a href="https://www.grundschule-schlaitdorf.de/wordpress/wp-content/uploads/2024/10/Frau-Glanzner-1.jpg"><img loading="lazy" decoding="async" width="986" height="1024" src="https://www.grundschule-schlaitdorf.de/wordpress/wp-content/uploads/2024/10/Frau-Glanzner-1-986x1024.jpg" alt="" class="wp-image-1936" srcset="https://www.grundschule-schlaitdorf.de/wordpress/wp-content/uploads/2024/10/Frau-Glanzner-1-986x1024.jpg 986w, https://www.grundschule-schlaitdorf.de/wordpress/wp-content/uploads/2024/10/Frau-Glanzner-1-289x300.jpg 289w, https://www.grundschule-schlaitdorf.de/wordpress/wp-content/uploads/2024/10/Frau-Glanzner-1-768x798.jpg 768w, https://www.grundschule-schlaitdorf.de/wordpress/wp-content/uploads/2024/10/Frau-Glanzner-1-624x648.jpg 624w, https://www.grundschule-schlaitdorf.de/wordpress/wp-content/uploads/2024/10/Frau-Glanzner-1.jpg 1080w" sizes="auto, (max-width: 986px) 100vw, 986px" /></a></figure>



<figure class="wp-block-image size-large"><a href="https://www.grundschule-schlaitdorf.de/wordpress/wp-content/uploads/2024/10/Frau-Glanzner-2.jpg"><img loading="lazy" decoding="async" width="619" height="1024" src="https://www.grundschule-schlaitdorf.de/wordpress/wp-content/uploads/2024/10/Frau-Glanzner-2-619x1024.jpg" alt="" class="wp-image-1937" srcset="https://www.grundschule-schlaitdorf.de/wordpress/wp-content/uploads/2024/10/Frau-Glanzner-2-619x1024.jpg 619w, https://www.grundschule-schlaitdorf.de/wordpress/wp-content/uploads/2024/10/Frau-Glanzner-2-181x300.jpg 181w, https://www.grundschule-schlaitdorf.de/wordpress/wp-content/uploads/2024/10/Frau-Glanzner-2-768x1270.jpg 768w, https://www.grundschule-schlaitdorf.de/wordpress/wp-content/uploads/2024/10/Frau-Glanzner-2-929x1536.jpg 929w, https://www.grundschule-schlaitdorf.de/wordpress/wp-content/uploads/2024/10/Frau-Glanzner-2-624x1032.jpg 624w, https://www.grundschule-schlaitdorf.de/wordpress/wp-content/uploads/2024/10/Frau-Glanzner-2.jpg 1080w" sizes="auto, (max-width: 619px) 100vw, 619px" /></a></figure>

<p>Bereits zum zweiten Mal hatten wir sie eingeladen und waren sehr froh, dass sie wieder kommen mochte: Die Stuttgarter Autorin Susanne &#8222;Sue&#8220; Glanzner war im Rahmen der diesjährigen Fredericktage wieder einmal bei uns an der Grundschule. Mit ihren Büchern &#8222;Shaiko&#8220; und &#8222;Kalle Komet&#8220; verzauberte sie wieder alle Zuhörenden. In der ersten Lesung mit den Kindern [&hellip;]</p>
