{"id":1819,"date":"2023-12-19T12:05:32","date_gmt":"2023-12-19T10:05:32","guid":{"rendered":"https:\/\/www.grundschule-schlaitdorf.de\/wordpress\/?page_id=1819"},"modified":"2023-12-19T12:05:32","modified_gmt":"2023-12-19T10:05:32","slug":"pausenengel","status":"publish","type":"page","link":"https:\/\/www.grundschule-schlaitdorf.de\/wordpress\/schulleben\/schuljahr-2023-24\/pausenengel\/","title":{"rendered":"Pausenengel"},"content":{"rendered":"\n<p>Fl\u00fcgel haben unsere Pausenengel zwar keine. Aber sie sind zur Stelle, wenn man sie braucht und sie helfen ihren Mitsch\u00fclerInnen, wenn Hilfe ben\u00f6tigt wird. Nachdem unsere letzten Pausenengel im Sommer die Schule verlassen hatten, war es Zeit, neue auszubilden. Diese Aufgabe \u00fcbernahm unsere Kollegin Stefanie Petermann in der sogenannten Streitschlichter-AG. Sage und schreibe ALLE Viertkl\u00e4ssler hatten sich angemeldet, um sich fortzubilden in Sachen gewaltfreier Kommunikation und Streitschlichtung. In einigen Wochen erlernten sie so das Handwerkszeug, um in der gro\u00dfen Pause als Pausenengel t\u00e4tig sein zu k\u00f6nnen. Nach Theorie- und Praxis-\u00dcbungsphase war es nun so weit: Alle ausgebildeten Pausenengel bekamen in einer Sch\u00fclerversammlung von Frau Schaal und Frau Petermann ihre Pausenengel-Urkunde sowie einen Namens-Button, der sie als Pausenengel ausweist, \u00fcberreicht. Fortan d\u00fcrfen sie an einem Tag in der Woche ihren Dienst in einem kleinen Team verrichten, ausger\u00fcstet mit der weithin sichtbaren Pausenengel-Weste. DANKE f\u00fcr euren Einsatz!<\/p>\n\n\n\n<figure class=\"wp-block-image size-large\"><a href=\"https:\/\/www.grundschule-schlaitdorf.de\/wordpress\/wp-content\/uploads\/2023\/12\/Pausenengel-HP-1.jpg\"><img loading=\"lazy\" decoding=\"async\" width=\"1024\" height=\"878\" src=\"https:\/\/www.grundschule-schlaitdorf.de\/wordpress\/wp-content\/uploads\/2023\/12\/Pausenengel-HP-1-1024x878.jpg\" alt=\"\" class=\"wp-image-1820\" srcset=\"https:\/\/www.grundschule-schlaitdorf.de\/wordpress\/wp-content\/uploads\/2023\/12\/Pausenengel-HP-1-1024x878.jpg 1024w, https:\/\/www.grundschule-schlaitdorf.de\/wordpress\/wp-content\/uploads\/2023\/12\/Pausenengel-HP-1-300x257.jpg 300w, https:\/\/www.grundschule-schlaitdorf.de\/wordpress\/wp-content\/uploads\/2023\/12\/Pausenengel-HP-1-768x659.jpg 768w, https:\/\/www.grundschule-schlaitdorf.de\/wordpress\/wp-content\/uploads\/2023\/12\/Pausenengel-HP-1-1536x1317.jpg 1536w, https:\/\/www.grundschule-schlaitdorf.de\/wordpress\/wp-content\/uploads\/2023\/12\/Pausenengel-HP-1-624x535.jpg 624w, https:\/\/www.grundschule-schlaitdorf.de\/wordpress\/wp-content\/uploads\/2023\/12\/Pausenengel-HP-1.jpg 1643w\" sizes=\"auto, (max-width: 1024px) 100vw, 1024px\" \/><\/a><\/figure>\n","protected":false},"excerpt":{"rendered":"<p>Fl\u00fcgel haben unsere Pausenengel zwar keine. Aber sie sind zur Stelle, wenn man sie braucht und sie helfen ihren Mitsch\u00fclerInnen, wenn Hilfe ben\u00f6tigt wird. Nachdem unsere letzten Pausenengel im Sommer die Schule verlassen hatten, war es Zeit, neue auszubilden. Diese Aufgabe \u00fcbernahm unsere Kollegin Stefanie Petermann in der sogenannten Streitschlichter-AG. Sage und schreibe ALLE Viertkl\u00e4ssler [&hellip;]<\/p>\n","protected":false},"author":3,"featured_media":0,"parent":1578,"menu_order":0,"comment_status":"closed","ping_status":"closed","template":"page-templates\/full-width.php","meta":{"footnotes":""},"class_list":["post-1819","page","type-page","status-publish","hentry"],"_links":{"self":[{"href":"https:\/\/www.grundschule-schlaitdorf.de\/wordpress\/wp-json\/wp\/v2\/pages\/1819","targetHints":{"allow":["GET"]}}],"collection":[{"href":"https:\/\/www.grundschule-schlaitdorf.de\/wordpress\/wp-json\/wp\/v2\/pages"}],"about":[{"href":"https:\/\/www.grundschule-schlaitdorf.de\/wordpress\/wp-json\/wp\/v2\/types\/page"}],"author":[{"embeddable":true,"href":"https:\/\/www.grundschule-schlaitdorf.de\/wordpress\/wp-json\/wp\/v2\/users\/3"}],"replies":[{"embeddable":true,"href":"https:\/\/www.grundschule-schlaitdorf.de\/wordpress\/wp-json\/wp\/v2\/comments?post=1819"}],"version-history":[{"count":1,"href":"https:\/\/www.grundschule-schlaitdorf.de\/wordpress\/wp-json\/wp\/v2\/pages\/1819\/revisions"}],"predecessor-version":[{"id":1821,"href":"https:\/\/www.grundschule-schlaitdorf.de\/wordpress\/wp-json\/wp\/v2\/pages\/1819\/revisions\/1821"}],"up":[{"embeddable":true,"href":"https:\/\/www.grundschule-schlaitdorf.de\/wordpress\/wp-json\/wp\/v2\/pages\/1578"}],"wp:attachment":[{"href":"https:\/\/www.grundschule-schlaitdorf.de\/wordpress\/wp-json\/wp\/v2\/media?parent=1819"}],"curies":[{"name":"wp","href":"https:\/\/api.w.org\/{rel}","templated":true}]}}