{"id":1808,"date":"2023-12-19T08:56:27","date_gmt":"2023-12-19T06:56:27","guid":{"rendered":"https:\/\/www.grundschule-schlaitdorf.de\/wordpress\/?page_id=1808"},"modified":"2023-12-19T11:56:31","modified_gmt":"2023-12-19T09:56:31","slug":"buecherspende-der-ksk","status":"publish","type":"page","link":"https:\/\/www.grundschule-schlaitdorf.de\/wordpress\/schulleben\/schuljahr-2023-24\/buecherspende-der-ksk\/","title":{"rendered":"B\u00fccherspende der KSK"},"content":{"rendered":"\n<p>Auch dieses Jahr durften wir uns wieder \u00fcber eine tolle B\u00fccherspende der Kreissparkasse an Klasse 3 freuen. Herr Pf\u00e4nder von der Filiale Neckartenzlingen \u00fcberreichte den Kindern eine prall gef\u00fcllte B\u00fccherkiste, aus der sofort jedes Kind etwas Interessantes f\u00fcr&#8217;s Gruppenfoto fand. <\/p>\n\n\n\n<figure class=\"wp-block-image size-large\"><a href=\"https:\/\/www.grundschule-schlaitdorf.de\/wordpress\/wp-content\/uploads\/2023\/12\/Buecherspende-Homepage-scaled.jpg\"><img loading=\"lazy\" decoding=\"async\" width=\"1024\" height=\"755\" src=\"https:\/\/www.grundschule-schlaitdorf.de\/wordpress\/wp-content\/uploads\/2023\/12\/Buecherspende-Homepage-1024x755.jpg\" alt=\"\" class=\"wp-image-1815\" srcset=\"https:\/\/www.grundschule-schlaitdorf.de\/wordpress\/wp-content\/uploads\/2023\/12\/Buecherspende-Homepage-1024x755.jpg 1024w, https:\/\/www.grundschule-schlaitdorf.de\/wordpress\/wp-content\/uploads\/2023\/12\/Buecherspende-Homepage-300x221.jpg 300w, https:\/\/www.grundschule-schlaitdorf.de\/wordpress\/wp-content\/uploads\/2023\/12\/Buecherspende-Homepage-768x567.jpg 768w, https:\/\/www.grundschule-schlaitdorf.de\/wordpress\/wp-content\/uploads\/2023\/12\/Buecherspende-Homepage-1536x1133.jpg 1536w, https:\/\/www.grundschule-schlaitdorf.de\/wordpress\/wp-content\/uploads\/2023\/12\/Buecherspende-Homepage-2048x1511.jpg 2048w, https:\/\/www.grundschule-schlaitdorf.de\/wordpress\/wp-content\/uploads\/2023\/12\/Buecherspende-Homepage-624x460.jpg 624w\" sizes=\"auto, (max-width: 1024px) 100vw, 1024px\" \/><\/a><\/figure>\n","protected":false},"excerpt":{"rendered":"<p>Auch dieses Jahr durften wir uns wieder \u00fcber eine tolle B\u00fccherspende der Kreissparkasse an Klasse 3 freuen. Herr Pf\u00e4nder von der Filiale Neckartenzlingen \u00fcberreichte den Kindern eine prall gef\u00fcllte B\u00fccherkiste, aus der sofort jedes Kind etwas Interessantes f\u00fcr&#8217;s Gruppenfoto fand.<\/p>\n","protected":false},"author":3,"featured_media":0,"parent":1578,"menu_order":0,"comment_status":"closed","ping_status":"closed","template":"page-templates\/full-width.php","meta":{"footnotes":""},"class_list":["post-1808","page","type-page","status-publish","hentry"],"_links":{"self":[{"href":"https:\/\/www.grundschule-schlaitdorf.de\/wordpress\/wp-json\/wp\/v2\/pages\/1808","targetHints":{"allow":["GET"]}}],"collection":[{"href":"https:\/\/www.grundschule-schlaitdorf.de\/wordpress\/wp-json\/wp\/v2\/pages"}],"about":[{"href":"https:\/\/www.grundschule-schlaitdorf.de\/wordpress\/wp-json\/wp\/v2\/types\/page"}],"author":[{"embeddable":true,"href":"https:\/\/www.grundschule-schlaitdorf.de\/wordpress\/wp-json\/wp\/v2\/users\/3"}],"replies":[{"embeddable":true,"href":"https:\/\/www.grundschule-schlaitdorf.de\/wordpress\/wp-json\/wp\/v2\/comments?post=1808"}],"version-history":[{"count":2,"href":"https:\/\/www.grundschule-schlaitdorf.de\/wordpress\/wp-json\/wp\/v2\/pages\/1808\/revisions"}],"predecessor-version":[{"id":1816,"href":"https:\/\/www.grundschule-schlaitdorf.de\/wordpress\/wp-json\/wp\/v2\/pages\/1808\/revisions\/1816"}],"up":[{"embeddable":true,"href":"https:\/\/www.grundschule-schlaitdorf.de\/wordpress\/wp-json\/wp\/v2\/pages\/1578"}],"wp:attachment":[{"href":"https:\/\/www.grundschule-schlaitdorf.de\/wordpress\/wp-json\/wp\/v2\/media?parent=1808"}],"curies":[{"name":"wp","href":"https:\/\/api.w.org\/{rel}","templated":true}]}}