{"id":131,"date":"2014-05-18T11:40:00","date_gmt":"2014-05-18T09:40:00","guid":{"rendered":"https:\/\/www.grundschule-schlaitdorf.de\/wordpress\/?page_id=131"},"modified":"2023-12-14T11:11:44","modified_gmt":"2023-12-14T09:11:44","slug":"disclaimer","status":"publish","type":"page","link":"https:\/\/www.grundschule-schlaitdorf.de\/wordpress\/disclaimer\/","title":{"rendered":"Datenschutz\/ Haftungsausschluss"},"content":{"rendered":"\n<h3 class=\"wp-block-heading\">Datenschutzerkl\u00e4rung<\/h3>\n\n\n\n<p><strong>Herausgeber:<\/strong><br>Land Baden-W\u00fcrttemberg,<br>vertreten durch die Grundschule Schlaitdorf, N\u00fcrtinger Str. 36, 72667 Schlaitdorf<br>Telefon-Nr. 07127 18305<br>poststelle@04123043.schule.bwl.de<br>Vertretungsberechtigte: Martina Schaal<br><br><strong>Verantwortlich im Sinne von  \u00a7 18 Abs. 2 MStV :<br><\/strong>Grundschule Schlaitdorf<br>N\u00fcrtinger Str. 36, 72667 Schlaitdorf<br>Martina Schaal, Telefon-Nr. 07127 18305, poststelle@04123043.schule.bwl.de<br><\/p>\n\n\n\n<h4 class=\"wp-block-heading\">Datenschutzbeauftragter<\/h4>\n\n\n\n<p>Verantwortlicher gem. Art. 4 Abs. 7 EU-DSGVO ist Martina Schaal (s. Impressum). Unser beh\u00f6rdlicher Datenschutzbeauftragter ist Herr Conrad Harzer vom Staatlichen Schulamt N\u00fcrtingen. Sie erreichen ihn unter <span style=\"color: #3366ff;\">Datenschutz@ssa-nt.kv.bwl<\/span>.<span style=\"color: #3366ff;\">de<\/span>&nbsp; bzw. per Postanschrift des Staatlichen Schulamtes N\u00fcrtingen, Marktstr. 12, 72622 N\u00fcrtingen.<\/p>\n\n\n\n<h4 class=\"wp-block-heading\">Information \u00fcber die Erhebung personenbezogener Daten und Speicherdauer<\/h4>\n\n\n\n<p>Im Folgenden informieren wir \u00fcber die Erhebung personenbezogener Daten bei Nutzung unserer Website. Personenbezogene Daten sind alle Daten, die auf Sie pers\u00f6nlich beziehbar sind, z.B. Name, Adresse, e-mailadressen, Nutzerverhalten.<\/p>\n\n\n\n<h4 class=\"wp-block-heading\">Ihre Rechte<\/h4>\n\n\n\n<p>Sie haben gegen\u00fcber uns folgende Rechte hinsichtlich der Sie betreffenden personenbezogenen Daten:<\/p>\n\n\n\n<ul class=\"wp-block-list\">\n<li>Recht auf Auskunft<\/li>\n\n\n\n<li>Recht auf Berichtigung oder L\u00f6schung<\/li>\n\n\n\n<li>Recht auf Einschr\u00e4nkung der Verarbeitung<\/li>\n\n\n\n<li>Recht auf Widerspruch gegen die Verarbeitung<\/li>\n\n\n\n<li>Recht auf Daten\u00fcbertragbarkeit<\/li>\n<\/ul>\n\n\n\n<p>Sie haben zudem das Recht, sich bei einer Datenschutz-Aufsichtsbeh\u00f6rde \u00fcber die Verarbeitung Ihrer personenbezogenen Daten durch uns zu beschweren. Die Datenschutzaufsichtsbeh\u00f6rde ist der <em>Landesbeauftragte f\u00fcr den Datenschutz und die Informationsfreiheit (LfDI), Lautenschlagerstr. 20, 70173 Stuttgart<\/em>.<\/p>\n\n\n\n<h4 class=\"wp-block-heading\">Erhebung und Zweck personenbezogener Daten beim Besuch unserer Website<\/h4>\n\n\n\n<p>Bei der blo\u00df informatorischen Nutzung der Website, also wenn Sie sich nicht registrieren oder uns anderweitig Informationen \u00fcbermitteln, erheben wir nur die personenbezogenen Daten, die Ihr Browser an unseren Server \u00fcbermittelt. Wenn Sie unsere Website betrachten m\u00f6chten, erheben wir die folgenden Daten, die f\u00fcr uns technisch erforderlich sind, um Ihnen unsere Website anzuzeigen und die Stabilit\u00e4t und Sicherheit zu gew\u00e4hrleisten (Rechtsgrundlage ist Art. 6 Abs. 1 S. 1 lit. f. EU-DSGVO).<\/p>\n\n\n\n<ul class=\"wp-block-list\">\n<li>IP-Adresse<\/li>\n\n\n\n<li>Datum und Uhrzeit der Anfrage<\/li>\n\n\n\n<li>Zeitzonendifferenz zur Greenwich Mean Time (GMT)<\/li>\n\n\n\n<li>Inhalt der Aufforderung (konkrete Seite)<\/li>\n\n\n\n<li>Zugriffsstatus\/ HTTP-Statuscode<\/li>\n\n\n\n<li>jeweils \u00fcbertragene Datenmenge<\/li>\n\n\n\n<li>Website, von der die Anforderung kommt<\/li>\n\n\n\n<li>Browser<\/li>\n\n\n\n<li>Betriebssystem und dessen Oberfl\u00e4che<\/li>\n\n\n\n<li>Sprache und Version der Browsersoftware<\/li>\n<\/ul>\n\n\n\n<h6 class=\"wp-block-heading\"><em>Quelle: Mustererkl\u00e4rung Datenschutz des KM, Stand Mai 2018<\/em><\/h6>\n\n\n\n<p><strong>Haftung f\u00fcr Inhalte<\/strong><br>Die Informationen, die Sie auf diesem Internetauftritt vorfinden, wurden nach bestem Wissen und Gewissen sorgf\u00e4ltig zusammengestellt und gepr\u00fcft. F\u00fcr die Richtigkeit, Vollst\u00e4ndigkeit, Aktualit\u00e4t oder Qualit\u00e4t und jederzeitige Verf\u00fcgbarkeit der bereit ge-stellten Informationen wird jedoch keine Gew\u00e4hr \u00fcbernommen.<br>Diensteanbieter sind gem\u00e4\u00df \u00a7 7 Abs.1 TMG f\u00fcr eigene Inhalte auf diesen Seiten nach den allgemeinen Gesetzen verantwortlich. Diensteanbieter sind jedoch nicht verpflichtet, \u00fcbermittelte oder gespeicherte fremde Informationen zu \u00fcberwachen oder nach Umst\u00e4nden zu forschen, die auf eine rechtswidrige T\u00e4tigkeit hinweisen. Verpflichtungen zur Entfernung oder Sperrung der Nutzung von Informationen nach den allgemeinen Gesetzen bleiben hiervon unber\u00fchrt.<br>Dieser Internetauftritt enth\u00e4lt auch Links oder Verweise auf Internetauftritte Dritter. Diese Links zu den Internetauftritten Dritter stellen keine Zustimmung zu deren Inhalten durch den Herausgeber dar.<br>F\u00fcr die Inhalte der externen Links sind die jeweiligen Anbieter oder Betreiber (Urheber) der Seiten verantwortlich. Mit den Links zu anderen Internetauftritten wird den Nutzern lediglich der Zugang zur Nutzung der Inhalte vermittelt.<br>Die externen Links wurden zum Zeitpunkt der Linksetzung nach bestem Wissen und Gewissen auf eventuelle Rechtsverst\u00f6\u00dfe \u00fcberpr\u00fcft. Eine st\u00e4ndige inhaltliche \u00dcberpr\u00fcfung der externen Links ist ohne konkrete Anhaltspunkte einer Rechtsverletzung nicht m\u00f6glich. Bei Verlinkungen auf die Webseiten Dritter, die au\u00dferhalb des Verant-wortungsbereichs des Herausgebers liegen, w\u00fcrde eine Haftungsverpflichtung nur bestehen, wenn der Herausgeber von den rechtswidrigen Inhalten Kenntnis erlangen und es technisch m\u00f6glich und zumutbar w\u00e4re, die Nutzung dieser Inhalte zu verhindern. Sollten Sie der Ansicht sein, dass die verlinkten externen Seiten gegen gelten-des Recht versto\u00dfen oder sonst unangemessene Inhalte haben, so teilen Sie uns dies bitte mit.<\/p>\n\n\n\n<p><strong>Urheberrecht<\/strong><\/p>\n\n\n\n<p>Texte, Bilder, Grafiken und Fotos sowie die Gestaltung dieser Internetseiten unterliegen dem Urheberrecht. Sie d\u00fcrfen von Ihnen nur zum privaten und sonstigen eigenen Gebrauch im Rahmen des \u00a7 53 Urheberrechtsgesetz (UrhG) ohne jede \u00c4nderung vervielf\u00e4ltigt werden. Eine Verbreitung von Kopien (analog oder digital) oder Ausz\u00fcgen ist nur mit schriftlicher Genehmigung zul\u00e4ssig. Der Nachdruck und die Auswertung von Pressemitteilungen und Reden sind mit Quellenangabe gestattet.<br>Texte, Bilder, Grafiken und sonstige Materialien k\u00f6nnen ganz oder teilweise dem Urheberrecht Dritter unterliegen. Die Inhalte Dritter sind als solche kenntlich gemacht und d\u00fcrfen ohne Einwilligung des Rechteinhabers nicht vervielf\u00e4ltigt, \u00f6ffentlich zug\u00e4nglich gemacht oder \u00f6ffentlich wiedergegeben werden.<\/p>\n\n\n\n<p><i>Quellen: <\/i>Kultusministerium B.-W.: Hinweise zu Angaben im Internetauftritt von Schulen Stand 2020<\/p>\n","protected":false},"excerpt":{"rendered":"<p>Datenschutzerkl\u00e4rung Herausgeber:Land Baden-W\u00fcrttemberg,vertreten durch die Grundschule Schlaitdorf, N\u00fcrtinger Str. 36, 72667 SchlaitdorfTelefon-Nr. 07127 18305poststelle@04123043.schule.bwl.deVertretungsberechtigte: Martina Schaal Verantwortlich im Sinne von \u00a7 18 Abs. 2 MStV :Grundschule SchlaitdorfN\u00fcrtinger Str. 36, 72667 SchlaitdorfMartina Schaal, Telefon-Nr. 07127 18305, poststelle@04123043.schule.bwl.de Datenschutzbeauftragter Verantwortlicher gem. Art. 4 Abs. 7 EU-DSGVO ist Martina Schaal (s. Impressum). Unser beh\u00f6rdlicher Datenschutzbeauftragter ist Herr Conrad [&hellip;]<\/p>\n","protected":false},"author":3,"featured_media":0,"parent":0,"menu_order":10,"comment_status":"closed","ping_status":"closed","template":"","meta":{"footnotes":""},"class_list":["post-131","page","type-page","status-publish","hentry"],"_links":{"self":[{"href":"https:\/\/www.grundschule-schlaitdorf.de\/wordpress\/wp-json\/wp\/v2\/pages\/131","targetHints":{"allow":["GET"]}}],"collection":[{"href":"https:\/\/www.grundschule-schlaitdorf.de\/wordpress\/wp-json\/wp\/v2\/pages"}],"about":[{"href":"https:\/\/www.grundschule-schlaitdorf.de\/wordpress\/wp-json\/wp\/v2\/types\/page"}],"author":[{"embeddable":true,"href":"https:\/\/www.grundschule-schlaitdorf.de\/wordpress\/wp-json\/wp\/v2\/users\/3"}],"replies":[{"embeddable":true,"href":"https:\/\/www.grundschule-schlaitdorf.de\/wordpress\/wp-json\/wp\/v2\/comments?post=131"}],"version-history":[{"count":12,"href":"https:\/\/www.grundschule-schlaitdorf.de\/wordpress\/wp-json\/wp\/v2\/pages\/131\/revisions"}],"predecessor-version":[{"id":1803,"href":"https:\/\/www.grundschule-schlaitdorf.de\/wordpress\/wp-json\/wp\/v2\/pages\/131\/revisions\/1803"}],"wp:attachment":[{"href":"https:\/\/www.grundschule-schlaitdorf.de\/wordpress\/wp-json\/wp\/v2\/media?parent=131"}],"curies":[{"name":"wp","href":"https:\/\/api.w.org\/{rel}","templated":true}]}}

<h3 class="wp-block-heading">Datenschutzerklärung</h3>



<p><strong>Herausgeber:</strong><br>Land Baden-Württemberg,<br>vertreten durch die Grundschule Schlaitdorf, Nürtinger Str. 36, 72667 Schlaitdorf<br>Telefon-Nr. 07127 18305<br>poststelle@04123043.schule.bwl.de<br>Vertretungsberechtigte: Martina Schaal<br><br><strong>Verantwortlich im Sinne von  § 18 Abs. 2 MStV :<br></strong>Grundschule Schlaitdorf<br>Nürtinger Str. 36, 72667 Schlaitdorf<br>Martina Schaal, Telefon-Nr. 07127 18305, poststelle@04123043.schule.bwl.de<br></p>



<h4 class="wp-block-heading">Datenschutzbeauftragter</h4>



<p>Verantwortlicher gem. Art. 4 Abs. 7 EU-DSGVO ist Martina Schaal (s. Impressum). Unser behördlicher Datenschutzbeauftragter ist Herr Conrad Harzer vom Staatlichen Schulamt Nürtingen. Sie erreichen ihn unter <span style="color: #3366ff;">Datenschutz@ssa-nt.kv.bwl</span>.<span style="color: #3366ff;">de</span>&nbsp; bzw. per Postanschrift des Staatlichen Schulamtes Nürtingen, Marktstr. 12, 72622 Nürtingen.</p>



<h4 class="wp-block-heading">Information über die Erhebung personenbezogener Daten und Speicherdauer</h4>



<p>Im Folgenden informieren wir über die Erhebung personenbezogener Daten bei Nutzung unserer Website. Personenbezogene Daten sind alle Daten, die auf Sie persönlich beziehbar sind, z.B. Name, Adresse, e-mailadressen, Nutzerverhalten.</p>



<h4 class="wp-block-heading">Ihre Rechte</h4>



<p>Sie haben gegenüber uns folgende Rechte hinsichtlich der Sie betreffenden personenbezogenen Daten:</p>



<ul class="wp-block-list">
<li>Recht auf Auskunft</li>



<li>Recht auf Berichtigung oder Löschung</li>



<li>Recht auf Einschränkung der Verarbeitung</li>



<li>Recht auf Widerspruch gegen die Verarbeitung</li>



<li>Recht auf Datenübertragbarkeit</li>
</ul>



<p>Sie haben zudem das Recht, sich bei einer Datenschutz-Aufsichtsbehörde über die Verarbeitung Ihrer personenbezogenen Daten durch uns zu beschweren. Die Datenschutzaufsichtsbehörde ist der <em>Landesbeauftragte für den Datenschutz und die Informationsfreiheit (LfDI), Lautenschlagerstr. 20, 70173 Stuttgart</em>.</p>



<h4 class="wp-block-heading">Erhebung und Zweck personenbezogener Daten beim Besuch unserer Website</h4>



<p>Bei der bloß informatorischen Nutzung der Website, also wenn Sie sich nicht registrieren oder uns anderweitig Informationen übermitteln, erheben wir nur die personenbezogenen Daten, die Ihr Browser an unseren Server übermittelt. Wenn Sie unsere Website betrachten möchten, erheben wir die folgenden Daten, die für uns technisch erforderlich sind, um Ihnen unsere Website anzuzeigen und die Stabilität und Sicherheit zu gewährleisten (Rechtsgrundlage ist Art. 6 Abs. 1 S. 1 lit. f. EU-DSGVO).</p>



<ul class="wp-block-list">
<li>IP-Adresse</li>



<li>Datum und Uhrzeit der Anfrage</li>



<li>Zeitzonendifferenz zur Greenwich Mean Time (GMT)</li>



<li>Inhalt der Aufforderung (konkrete Seite)</li>



<li>Zugriffsstatus/ HTTP-Statuscode</li>



<li>jeweils übertragene Datenmenge</li>



<li>Website, von der die Anforderung kommt</li>



<li>Browser</li>



<li>Betriebssystem und dessen Oberfläche</li>



<li>Sprache und Version der Browsersoftware</li>
</ul>



<h6 class="wp-block-heading"><em>Quelle: Mustererklärung Datenschutz des KM, Stand Mai 2018</em></h6>



<p><strong>Haftung für Inhalte</strong><br>Die Informationen, die Sie auf diesem Internetauftritt vorfinden, wurden nach bestem Wissen und Gewissen sorgfältig zusammengestellt und geprüft. Für die Richtigkeit, Vollständigkeit, Aktualität oder Qualität und jederzeitige Verfügbarkeit der bereit ge-stellten Informationen wird jedoch keine Gewähr übernommen.<br>Diensteanbieter sind gemäß § 7 Abs.1 TMG für eigene Inhalte auf diesen Seiten nach den allgemeinen Gesetzen verantwortlich. Diensteanbieter sind jedoch nicht verpflichtet, übermittelte oder gespeicherte fremde Informationen zu überwachen oder nach Umständen zu forschen, die auf eine rechtswidrige Tätigkeit hinweisen. Verpflichtungen zur Entfernung oder Sperrung der Nutzung von Informationen nach den allgemeinen Gesetzen bleiben hiervon unberührt.<br>Dieser Internetauftritt enthält auch Links oder Verweise auf Internetauftritte Dritter. Diese Links zu den Internetauftritten Dritter stellen keine Zustimmung zu deren Inhalten durch den Herausgeber dar.<br>Für die Inhalte der externen Links sind die jeweiligen Anbieter oder Betreiber (Urheber) der Seiten verantwortlich. Mit den Links zu anderen Internetauftritten wird den Nutzern lediglich der Zugang zur Nutzung der Inhalte vermittelt.<br>Die externen Links wurden zum Zeitpunkt der Linksetzung nach bestem Wissen und Gewissen auf eventuelle Rechtsverstöße überprüft. Eine ständige inhaltliche Überprüfung der externen Links ist ohne konkrete Anhaltspunkte einer Rechtsverletzung nicht möglich. Bei Verlinkungen auf die Webseiten Dritter, die außerhalb des Verant-wortungsbereichs des Herausgebers liegen, würde eine Haftungsverpflichtung nur bestehen, wenn der Herausgeber von den rechtswidrigen Inhalten Kenntnis erlangen und es technisch möglich und zumutbar wäre, die Nutzung dieser Inhalte zu verhindern. Sollten Sie der Ansicht sein, dass die verlinkten externen Seiten gegen gelten-des Recht verstoßen oder sonst unangemessene Inhalte haben, so teilen Sie uns dies bitte mit.</p>



<p><strong>Urheberrecht</strong></p>



<p>Texte, Bilder, Grafiken und Fotos sowie die Gestaltung dieser Internetseiten unterliegen dem Urheberrecht. Sie dürfen von Ihnen nur zum privaten und sonstigen eigenen Gebrauch im Rahmen des § 53 Urheberrechtsgesetz (UrhG) ohne jede Änderung vervielfältigt werden. Eine Verbreitung von Kopien (analog oder digital) oder Auszügen ist nur mit schriftlicher Genehmigung zulässig. Der Nachdruck und die Auswertung von Pressemitteilungen und Reden sind mit Quellenangabe gestattet.<br>Texte, Bilder, Grafiken und sonstige Materialien können ganz oder teilweise dem Urheberrecht Dritter unterliegen. Die Inhalte Dritter sind als solche kenntlich gemacht und dürfen ohne Einwilligung des Rechteinhabers nicht vervielfältigt, öffentlich zugänglich gemacht oder öffentlich wiedergegeben werden.</p>



<p><i>Quellen: </i>Kultusministerium B.-W.: Hinweise zu Angaben im Internetauftritt von Schulen Stand 2020</p>

<p>Datenschutzerklärung Herausgeber:Land Baden-Württemberg,vertreten durch die Grundschule Schlaitdorf, Nürtinger Str. 36, 72667 SchlaitdorfTelefon-Nr. 07127 18305poststelle@04123043.schule.bwl.deVertretungsberechtigte: Martina Schaal Verantwortlich im Sinne von § 18 Abs. 2 MStV :Grundschule SchlaitdorfNürtinger Str. 36, 72667 SchlaitdorfMartina Schaal, Telefon-Nr. 07127 18305, poststelle@04123043.schule.bwl.de Datenschutzbeauftragter Verantwortlicher gem. Art. 4 Abs. 7 EU-DSGVO ist Martina Schaal (s. Impressum). Unser behördlicher Datenschutzbeauftragter ist Herr Conrad [&hellip;]</p>
