{"id":1099,"date":"2019-11-06T15:56:12","date_gmt":"2019-11-06T13:56:12","guid":{"rendered":"https:\/\/www.grundschule-schlaitdorf.de\/wordpress\/?page_id=1099"},"modified":"2020-09-03T15:53:04","modified_gmt":"2020-09-03T13:53:04","slug":"fredericktag-2019","status":"publish","type":"page","link":"https:\/\/www.grundschule-schlaitdorf.de\/wordpress\/theater-und-kunst\/autoren-zu-gast\/fredericktag-2019\/","title":{"rendered":"Fredericktag 2019 mit TINO"},"content":{"rendered":"<p>Nachdem wir vor den Ferien eine ganze Vorlesewoche hatten, in der jedes Kind an jedem Tag einem selbst gew\u00e4hlten Buch lauschen durfte, durften wir uns am ersten Tag nach den Ferien auf einen ganz besonden Gast freuen: Der bekannte Autor und Illustrator TINO kam zu uns an die Schule!<\/p>\n<p><img loading=\"lazy\" decoding=\"async\" class=\"aligncenter wp-image-1100 size-medium\" src=\"https:\/\/www.grundschule-schlaitdorf.de\/wordpress\/wp-content\/uploads\/2019\/11\/DSC_0001-2-241x300.jpg\" alt=\"\" width=\"241\" height=\"300\" srcset=\"https:\/\/www.grundschule-schlaitdorf.de\/wordpress\/wp-content\/uploads\/2019\/11\/DSC_0001-2-241x300.jpg 241w, https:\/\/www.grundschule-schlaitdorf.de\/wordpress\/wp-content\/uploads\/2019\/11\/DSC_0001-2-768x957.jpg 768w, https:\/\/www.grundschule-schlaitdorf.de\/wordpress\/wp-content\/uploads\/2019\/11\/DSC_0001-2-821x1024.jpg 821w, https:\/\/www.grundschule-schlaitdorf.de\/wordpress\/wp-content\/uploads\/2019\/11\/DSC_0001-2-624x778.jpg 624w\" sizes=\"auto, (max-width: 241px) 100vw, 241px\" \/><\/p>\n<p>Er erz\u00e4hlte uns von seinen Reisen nach Indien, wir erfuhren, dass ihm die besten Ideen immer in der Badewanne einfallen und konnten zusehen, wie er in Windeseile auf Zuruf kleine Bilder zu einem gro\u00dfen verwob.<\/p>\n<p><img loading=\"lazy\" decoding=\"async\" class=\"aligncenter size-medium wp-image-1101\" src=\"https:\/\/www.grundschule-schlaitdorf.de\/wordpress\/wp-content\/uploads\/2019\/11\/DSC_0005-2-229x300.jpg\" alt=\"\" width=\"229\" height=\"300\" srcset=\"https:\/\/www.grundschule-schlaitdorf.de\/wordpress\/wp-content\/uploads\/2019\/11\/DSC_0005-2-229x300.jpg 229w, https:\/\/www.grundschule-schlaitdorf.de\/wordpress\/wp-content\/uploads\/2019\/11\/DSC_0005-2-768x1007.jpg 768w, https:\/\/www.grundschule-schlaitdorf.de\/wordpress\/wp-content\/uploads\/2019\/11\/DSC_0005-2-781x1024.jpg 781w, https:\/\/www.grundschule-schlaitdorf.de\/wordpress\/wp-content\/uploads\/2019\/11\/DSC_0005-2-624x818.jpg 624w\" sizes=\"auto, (max-width: 229px) 100vw, 229px\" \/><\/p>\n<p>Nachdem er uns aus einem seiner B\u00fccher vorgelesen hatte, zeichnete er auch noch f\u00fcr jedes Kind ein kleines Tier nach Wunsch.<\/p>\n<p><img loading=\"lazy\" decoding=\"async\" class=\"aligncenter size-medium wp-image-1102\" src=\"https:\/\/www.grundschule-schlaitdorf.de\/wordpress\/wp-content\/uploads\/2019\/11\/DSC_0007-300x200.jpg\" alt=\"\" width=\"300\" height=\"200\" srcset=\"https:\/\/www.grundschule-schlaitdorf.de\/wordpress\/wp-content\/uploads\/2019\/11\/DSC_0007-300x200.jpg 300w, https:\/\/www.grundschule-schlaitdorf.de\/wordpress\/wp-content\/uploads\/2019\/11\/DSC_0007-768x512.jpg 768w, https:\/\/www.grundschule-schlaitdorf.de\/wordpress\/wp-content\/uploads\/2019\/11\/DSC_0007-1024x683.jpg 1024w, https:\/\/www.grundschule-schlaitdorf.de\/wordpress\/wp-content\/uploads\/2019\/11\/DSC_0007-624x416.jpg 624w\" sizes=\"auto, (max-width: 300px) 100vw, 300px\" \/><\/p>\n<p>Viel zu schnell verging die Zeit, wir h\u00e4tten noch lange lauschen k\u00f6nnen. Vielen Dank an den F\u00f6rderverein und den Boedecker-Kreis, die durch ihre Zusch\u00fcsse die Lesung f\u00fcr die Kinder m\u00f6glich &#8211; und kostenfrei &#8211; machten!<\/p>\n","protected":false},"excerpt":{"rendered":"<p>Nachdem wir vor den Ferien eine ganze Vorlesewoche hatten, in der jedes Kind an jedem Tag einem selbst gew\u00e4hlten Buch lauschen durfte, durften wir uns am ersten Tag nach den Ferien auf einen ganz besonden Gast freuen: Der bekannte Autor und Illustrator TINO kam zu uns an die Schule! Er erz\u00e4hlte uns von seinen Reisen [&hellip;]<\/p>\n","protected":false},"author":3,"featured_media":0,"parent":596,"menu_order":2,"comment_status":"closed","ping_status":"closed","template":"page-templates\/full-width.php","meta":{"footnotes":""},"class_list":["post-1099","page","type-page","status-publish","hentry"],"_links":{"self":[{"href":"https:\/\/www.grundschule-schlaitdorf.de\/wordpress\/wp-json\/wp\/v2\/pages\/1099","targetHints":{"allow":["GET"]}}],"collection":[{"href":"https:\/\/www.grundschule-schlaitdorf.de\/wordpress\/wp-json\/wp\/v2\/pages"}],"about":[{"href":"https:\/\/www.grundschule-schlaitdorf.de\/wordpress\/wp-json\/wp\/v2\/types\/page"}],"author":[{"embeddable":true,"href":"https:\/\/www.grundschule-schlaitdorf.de\/wordpress\/wp-json\/wp\/v2\/users\/3"}],"replies":[{"embeddable":true,"href":"https:\/\/www.grundschule-schlaitdorf.de\/wordpress\/wp-json\/wp\/v2\/comments?post=1099"}],"version-history":[{"count":2,"href":"https:\/\/www.grundschule-schlaitdorf.de\/wordpress\/wp-json\/wp\/v2\/pages\/1099\/revisions"}],"predecessor-version":[{"id":1251,"href":"https:\/\/www.grundschule-schlaitdorf.de\/wordpress\/wp-json\/wp\/v2\/pages\/1099\/revisions\/1251"}],"up":[{"embeddable":true,"href":"https:\/\/www.grundschule-schlaitdorf.de\/wordpress\/wp-json\/wp\/v2\/pages\/596"}],"wp:attachment":[{"href":"https:\/\/www.grundschule-schlaitdorf.de\/wordpress\/wp-json\/wp\/v2\/media?parent=1099"}],"curies":[{"name":"wp","href":"https:\/\/api.w.org\/{rel}","templated":true}]}}